Last updated on 2024-05-13 09:51:03 CEST.
Flavor | Version | Tinstall | Tcheck | Ttotal | Status | Flags |
---|---|---|---|---|---|---|
r-devel-linux-x86_64-debian-clang | 3.2 | 4.91 | 57.34 | 62.25 | NOTE | |
r-devel-linux-x86_64-debian-gcc | 3.2 | 3.37 | 41.16 | 44.53 | NOTE | |
r-devel-linux-x86_64-fedora-clang | 3.2 | 76.49 | NOTE | |||
r-devel-linux-x86_64-fedora-gcc | 3.2 | 74.91 | NOTE | |||
r-devel-windows-x86_64 | 3.2 | 7.00 | 58.00 | 65.00 | NOTE | |
r-patched-linux-x86_64 | 3.2 | 4.99 | 54.48 | 59.47 | NOTE | |
r-release-linux-x86_64 | 3.2 | 3.75 | 54.68 | 58.43 | NOTE | |
r-release-macos-arm64 | 3.2 | 22.00 | NOTE | |||
r-release-windows-x86_64 | 3.2 | 6.00 | 58.00 | 64.00 | NOTE | |
r-oldrel-macos-arm64 | 3.2 | 23.00 | OK | |||
r-oldrel-macos-x86_64 | 3.2 | 37.00 | OK | |||
r-oldrel-windows-x86_64 | 3.2 | 7.00 | 68.00 | 75.00 | OK |
Version: 3.2
Check: Rd files
Result: NOTE
checkRd: (-1) wtest.Rd:61-64: Lost braces
61 | {When \code{w.order} =2, the \code{wtest()} will automatically calculate the main effect first and then do a pre-filter before calculating interactions.
| ^
checkRd: (-1) wtest.high.Rd:61-64: Lost braces
61 | {When \code{w.order} > 2, the \code{wtest()} will automatically calculate the main effect first and then do a pre-filter before calculating interactions.
| ^
Flavors: r-devel-linux-x86_64-debian-clang, r-devel-linux-x86_64-debian-gcc, r-devel-linux-x86_64-fedora-clang, r-devel-linux-x86_64-fedora-gcc, r-devel-windows-x86_64, r-patched-linux-x86_64, r-release-linux-x86_64, r-release-macos-arm64, r-release-windows-x86_64