Last updated on 2025-10-31 08:50:07 CET.
| Flavor | Version | Tinstall | Tcheck | Ttotal | Status | Flags | 
|---|---|---|---|---|---|---|
| r-devel-linux-x86_64-debian-clang | 0.1.0 | 2.00 | 18.04 | 20.04 | NOTE | |
| r-devel-linux-x86_64-debian-gcc | 0.1.0 | 1.50 | 14.68 | 16.18 | NOTE | |
| r-devel-linux-x86_64-fedora-clang | 0.1.0 | 31.37 | NOTE | |||
| r-devel-linux-x86_64-fedora-gcc | 0.1.0 | 25.20 | NOTE | |||
| r-devel-windows-x86_64 | 0.1.0 | 4.00 | 36.00 | 40.00 | OK | |
| r-patched-linux-x86_64 | 0.1.0 | 1.61 | 16.82 | 18.43 | OK | |
| r-release-linux-x86_64 | 0.1.0 | 1.86 | 16.81 | 18.67 | OK | |
| r-release-macos-arm64 | 0.1.0 | 1.00 | 14.00 | 15.00 | OK | |
| r-release-macos-x86_64 | 0.1.0 | 2.00 | 22.00 | 24.00 | OK | |
| r-release-windows-x86_64 | 0.1.0 | 5.00 | 37.00 | 42.00 | OK | |
| r-oldrel-macos-arm64 | 0.1.0 | 1.00 | 14.00 | 15.00 | NOTE | |
| r-oldrel-macos-x86_64 | 0.1.0 | 1.00 | 18.00 | 19.00 | NOTE | |
| r-oldrel-windows-x86_64 | 0.1.0 | 5.00 | 43.00 | 48.00 | NOTE | 
Version: 0.1.0
Check: CRAN incoming feasibility
Result: NOTE
  Maintainer: ‘Kartikeya Bolar <kartikeya.bolar@tapmi.edu.in>’
  
  No Authors@R field in DESCRIPTION.
  Please add one, modifying
    Authors@R: person(given = "Kartikeya",
                      family = "Bolar",
                      role = c("aut", "cre"),
                      email = "kartikeya.bolar@tapmi.edu.in")
  as necessary.
Flavors: r-devel-linux-x86_64-debian-clang, r-devel-linux-x86_64-debian-gcc
Version: 0.1.0
Check: dependencies in R code
Result: NOTE
  Namespaces in Imports field not imported from:
    ‘DescTools’ ‘HH’ ‘datasets’ ‘dplyr’ ‘rhandsontable’ ‘shiny’
    All declared Imports should be used.
Flavors: r-devel-linux-x86_64-fedora-clang, r-devel-linux-x86_64-fedora-gcc
Version: 0.1.0
Check: LazyData
Result: NOTE
    'LazyData' is specified without a 'data' directory
Flavors: r-oldrel-macos-arm64, r-oldrel-macos-x86_64, r-oldrel-windows-x86_64