CRAN Package Check Results for Package AWR

Last updated on 2025-11-21 09:48:56 CET.

Flavor Version Tinstall Tcheck Ttotal Status Flags
r-devel-linux-x86_64-debian-clang 1.11.189-1 2.48 32.25 34.73 NOTE
r-devel-linux-x86_64-debian-gcc 1.11.189-1 2.23 24.79 27.02 NOTE
r-devel-linux-x86_64-fedora-clang 1.11.189-1 51.54 OK
r-devel-linux-x86_64-fedora-gcc 1.11.189-1 48.24 OK
r-devel-windows-x86_64 1.11.189-1 4.00 48.00 52.00 OK
r-patched-linux-x86_64 1.11.189-1 2.69 29.25 31.94 OK
r-release-linux-x86_64 1.11.189-1 2.75 29.09 31.84 OK
r-release-macos-arm64 1.11.189-1 OK
r-release-macos-x86_64 1.11.189-1 3.00 31.00 34.00 OK
r-release-windows-x86_64 1.11.189-1 6.00 46.00 52.00 OK
r-oldrel-macos-arm64 1.11.189-1 OK
r-oldrel-macos-x86_64 1.11.189-1 2.00 26.00 28.00 OK
r-oldrel-windows-x86_64 1.11.189-1 4.00 49.00 53.00 OK

Check Details

Version: 1.11.189-1
Check: CRAN incoming feasibility
Result: NOTE Maintainer: ‘Gergely Daroczi <daroczig@rapporter.net>’ No Authors@R field in DESCRIPTION. Please add one, modifying Authors@R: person(given = "Gergely", family = "Daroczi", role = c("aut", "cre"), email = "daroczig@rapporter.net") as necessary. Flavors: r-devel-linux-x86_64-debian-clang, r-devel-linux-x86_64-debian-gcc