Last updated on 2024-08-05 09:48:01 CEST.
Flavor | Version | Tinstall | Tcheck | Ttotal | Status | Flags |
---|---|---|---|---|---|---|
r-devel-linux-x86_64-debian-clang | 1.1.1 | 2.46 | 33.00 | 35.46 | NOTE | |
r-devel-linux-x86_64-debian-gcc | 1.1.1 | 1.80 | 19.44 | 21.24 | NOTE | |
r-devel-linux-x86_64-fedora-gcc | 1.1.1 | 41.61 | NOTE | |||
r-devel-windows-x86_64 | 1.1.1 | 3.00 | 50.00 | 53.00 | NOTE | |
r-patched-linux-x86_64 | 1.1.1 | 2.06 | 23.90 | 25.96 | NOTE | |
r-release-linux-x86_64 | 1.1.1 | 2.18 | 32.18 | 34.36 | NOTE | |
r-release-macos-arm64 | 1.1.1 | 16.00 | NOTE | |||
r-release-macos-x86_64 | 1.1.1 | 25.00 | NOTE | |||
r-release-windows-x86_64 | 1.1.1 | 3.00 | 51.00 | 54.00 | NOTE | |
r-oldrel-macos-arm64 | 1.1.1 | 18.00 | NOTE | |||
r-oldrel-macos-x86_64 | 1.1.1 | 27.00 | NOTE | |||
r-oldrel-windows-x86_64 | 1.1.1 | 3.00 | 49.00 | 52.00 | NOTE |
Version: 1.1.1
Check: LazyData
Result: NOTE
'LazyData' is specified without a 'data' directory
Flavors: r-devel-linux-x86_64-debian-clang, r-devel-linux-x86_64-debian-gcc, r-devel-linux-x86_64-fedora-gcc, r-devel-windows-x86_64, r-patched-linux-x86_64, r-release-linux-x86_64, r-release-macos-arm64, r-release-macos-x86_64, r-release-windows-x86_64, r-oldrel-macos-arm64, r-oldrel-macos-x86_64, r-oldrel-windows-x86_64