Last updated on 2024-07-08 09:48:53 CEST.
Flavor | Version | Tinstall | Tcheck | Ttotal | Status | Flags |
---|---|---|---|---|---|---|
r-devel-linux-x86_64-debian-clang | 0.1.0 | 167.46 | 223.53 | 390.99 | NOTE | |
r-devel-linux-x86_64-debian-gcc | 0.1.0 | 148.81 | 170.78 | 319.59 | NOTE | |
r-devel-linux-x86_64-fedora-clang | 0.1.0 | 509.48 | NOTE | |||
r-devel-linux-x86_64-fedora-gcc | 0.1.0 | 571.35 | NOTE | |||
r-devel-windows-x86_64 | 0.1.0 | 151.00 | 181.00 | 332.00 | NOTE | |
r-patched-linux-x86_64 | 0.1.0 | 162.13 | 220.69 | 382.82 | NOTE | |
r-release-linux-x86_64 | 0.1.0 | 130.37 | 221.92 | 352.29 | NOTE | |
r-release-macos-arm64 | 0.1.0 | 117.00 | NOTE | |||
r-release-macos-x86_64 | 0.1.0 | 173.00 | NOTE | |||
r-release-windows-x86_64 | 0.1.0 | 151.00 | 177.00 | 328.00 | NOTE | |
r-oldrel-macos-arm64 | 0.1.0 | 126.00 | NOTE | |||
r-oldrel-macos-x86_64 | 0.1.0 | 200.00 | NOTE | |||
r-oldrel-windows-x86_64 | 0.1.0 | 186.00 | 244.00 | 430.00 | NOTE |
Version: 0.1.0
Check: for GNU extensions in Makefiles
Result: NOTE
GNU make is a SystemRequirements.
Flavors: r-devel-linux-x86_64-debian-clang, r-devel-linux-x86_64-debian-gcc, r-devel-linux-x86_64-fedora-clang, r-devel-linux-x86_64-fedora-gcc, r-devel-windows-x86_64, r-patched-linux-x86_64, r-release-linux-x86_64, r-release-macos-arm64, r-release-macos-x86_64, r-release-windows-x86_64, r-oldrel-macos-arm64, r-oldrel-macos-x86_64, r-oldrel-windows-x86_64
Version: 0.1.0
Check: package dependencies
Result: NOTE
Imports includes 22 non-default packages.
Importing from so many packages makes the package vulnerable to any of
them becoming unavailable. Move as many as possible to Suggests and
use conditionally.
Flavor: r-devel-linux-x86_64-fedora-clang
Version: 0.1.0
Check: dependencies in R code
Result: NOTE
Namespace in Imports field not imported from: ‘RcppParallel’
All declared Imports should be used.
Flavors: r-devel-linux-x86_64-fedora-clang, r-devel-linux-x86_64-fedora-gcc
Version: 0.1.0
Check: installed package size
Result: NOTE
installed size is 40.3Mb
sub-directories of 1Mb or more:
libs 40.1Mb
Flavors: r-release-macos-arm64, r-release-macos-x86_64, r-oldrel-macos-arm64, r-oldrel-macos-x86_64