Last updated on 2024-08-05 09:48:02 CEST.
Flavor | Version | Tinstall | Tcheck | Ttotal | Status | Flags |
---|---|---|---|---|---|---|
r-devel-linux-x86_64-debian-clang | 2.72 | 50.22 | 103.80 | 154.02 | NOTE | |
r-devel-linux-x86_64-debian-gcc | 2.72 | 32.27 | 81.86 | 114.13 | NOTE | |
r-devel-linux-x86_64-fedora-gcc | 2.72 | 266.11 | NOTE | |||
r-devel-windows-x86_64 | 2.72 | 55.00 | 109.00 | 164.00 | NOTE | |
r-patched-linux-x86_64 | 2.72 | 52.54 | 155.34 | 207.88 | NOTE | |
r-release-linux-x86_64 | 2.72 | 54.78 | 166.87 | 221.65 | NOTE | |
r-release-macos-arm64 | 2.72 | 60.00 | NOTE | |||
r-release-macos-x86_64 | 2.72 | 84.00 | NOTE | |||
r-release-windows-x86_64 | 2.72 | 55.00 | 106.00 | 161.00 | NOTE | |
r-oldrel-macos-arm64 | 2.72 | 69.00 | NOTE | |||
r-oldrel-macos-x86_64 | 2.72 | 109.00 | NOTE | |||
r-oldrel-windows-x86_64 | 2.72 | 61.00 | 116.00 | 177.00 | NOTE |
Version: 2.72
Check: C++ specification
Result: NOTE
Specified C++11: please drop specification unless essential
Flavors: r-devel-linux-x86_64-debian-clang, r-devel-linux-x86_64-debian-gcc, r-devel-linux-x86_64-fedora-gcc, r-devel-windows-x86_64, r-patched-linux-x86_64, r-release-linux-x86_64, r-release-macos-arm64, r-release-macos-x86_64, r-release-windows-x86_64, r-oldrel-macos-arm64, r-oldrel-macos-x86_64, r-oldrel-windows-x86_64
Version: 2.72
Check: Rd cross-references
Result: NOTE
Found the following Rd file(s) with Rd \link{} targets missing package
anchors:
plot.graph.Rd: plot.igraph
plot.sim.Rd: plot.igraph
Please provide package anchors for all Rd \link{} targets not in the
package itself and the base packages.
Flavors: r-devel-linux-x86_64-debian-gcc, r-devel-windows-x86_64
Version: 2.72
Check: installed package size
Result: NOTE
installed size is 5.2Mb
sub-directories of 1Mb or more:
libs 3.7Mb
Flavors: r-release-macos-x86_64, r-oldrel-macos-arm64, r-oldrel-macos-x86_64
Version: 2.72
Check: package dependencies
Result: NOTE
Packages suggested but not available for checking: 'ssgraph', 'tmvtnorm'
Flavor: r-oldrel-macos-x86_64
Version: 2.72
Check: Rd cross-references
Result: NOTE
Package unavailable to check Rd xrefs: ‘ssgraph’
Flavor: r-oldrel-macos-x86_64