Last updated on 2025-05-25 09:49:39 CEST.
Flavor | Version | Tinstall | Tcheck | Ttotal | Status | Flags |
---|---|---|---|---|---|---|
r-devel-linux-x86_64-debian-clang | 0.1-13 | 34.99 | 80.15 | 115.14 | NOTE | |
r-devel-linux-x86_64-debian-gcc | 0.1-13 | 25.75 | 59.18 | 84.93 | NOTE | |
r-devel-linux-x86_64-fedora-clang | 0.1-13 | 187.52 | OK | |||
r-devel-linux-x86_64-fedora-gcc | 0.1-13 | 192.76 | OK | |||
r-devel-windows-x86_64 | 0.1-13 | 43.00 | 136.00 | 179.00 | OK | |
r-patched-linux-x86_64 | 0.1-13 | 35.33 | 76.31 | 111.64 | OK | |
r-release-linux-x86_64 | 0.1-13 | 36.09 | 76.33 | 112.42 | OK | |
r-release-macos-arm64 | 0.1-13 | 61.00 | OK | |||
r-release-macos-x86_64 | 0.1-13 | 101.00 | OK | |||
r-release-windows-x86_64 | 0.1-13 | 42.00 | 112.00 | 154.00 | OK | |
r-oldrel-macos-arm64 | 0.1-13 | 51.00 | OK | |||
r-oldrel-macos-x86_64 | 0.1-13 | 75.00 | OK | |||
r-oldrel-windows-x86_64 | 0.1-13 | 49.00 | 132.00 | 181.00 | OK |
Version: 0.1-13
Check: CRAN incoming feasibility
Result: NOTE
Maintainer: ‘Gunther Schauberger <gunther.schauberger@tum.de>’
No Authors@R field in DESCRIPTION.
Please add one, modifying
Authors@R: person(given = "Gunther",
family = "Schauberger",
role = c("aut", "cre"),
email = "gunther.schauberger@tum.de")
as necessary.
Flavors: r-devel-linux-x86_64-debian-clang, r-devel-linux-x86_64-debian-gcc