Last updated on 2024-08-05 09:48:03 CEST.
Flavor | Version | Tinstall | Tcheck | Ttotal | Status | Flags |
---|---|---|---|---|---|---|
r-devel-linux-x86_64-debian-clang | 1.1.9 | 80.86 | 45.29 | 126.15 | NOTE | |
r-devel-linux-x86_64-debian-gcc | 1.1.9 | 46.48 | 28.56 | 75.04 | NOTE | |
r-devel-linux-x86_64-fedora-gcc | 1.1.9 | 192.30 | NOTE | |||
r-devel-windows-x86_64 | 1.1.9 | 59.00 | 82.00 | 141.00 | NOTE | |
r-patched-linux-x86_64 | 1.1.9 | 57.66 | 36.05 | 93.71 | NOTE | |
r-release-linux-x86_64 | 1.1.9 | 71.74 | 47.32 | 119.06 | NOTE | |
r-release-macos-arm64 | 1.1.9 | 47.00 | NOTE | |||
r-release-macos-x86_64 | 1.1.9 | 64.00 | NOTE | |||
r-release-windows-x86_64 | 1.1.9 | 59.00 | 81.00 | 140.00 | NOTE | |
r-oldrel-macos-arm64 | 1.1.9 | 56.00 | NOTE | |||
r-oldrel-macos-x86_64 | 1.1.9 | 78.00 | NOTE | |||
r-oldrel-windows-x86_64 | 1.1.9 | 73.00 | 92.00 | 165.00 | NOTE |
Version: 1.1.9
Check: C++ specification
Result: NOTE
Specified C++11: please drop specification unless essential
Flavors: r-devel-linux-x86_64-debian-clang, r-devel-linux-x86_64-debian-gcc, r-devel-linux-x86_64-fedora-gcc, r-devel-windows-x86_64, r-patched-linux-x86_64, r-release-linux-x86_64, r-release-macos-arm64, r-release-macos-x86_64, r-release-windows-x86_64, r-oldrel-macos-arm64, r-oldrel-macos-x86_64, r-oldrel-windows-x86_64
Version: 1.1.9
Check: LazyData
Result: NOTE
'LazyData' is specified without a 'data' directory
Flavors: r-devel-linux-x86_64-debian-clang, r-devel-linux-x86_64-debian-gcc, r-devel-linux-x86_64-fedora-gcc, r-devel-windows-x86_64, r-patched-linux-x86_64, r-release-linux-x86_64, r-release-macos-arm64, r-release-macos-x86_64, r-release-windows-x86_64, r-oldrel-macos-arm64, r-oldrel-macos-x86_64, r-oldrel-windows-x86_64
Version: 1.1.9
Check: package dependencies
Result: NOTE
Package suggested but not available for checking: ‘doMPI’
Flavors: r-release-macos-arm64, r-release-macos-x86_64, r-oldrel-macos-arm64, r-oldrel-macos-x86_64
Version: 1.1.9
Check: installed package size
Result: NOTE
installed size is 20.2Mb
sub-directories of 1Mb or more:
libs 20.0Mb
Flavors: r-release-macos-arm64, r-release-macos-x86_64, r-oldrel-macos-arm64, r-oldrel-macos-x86_64