Last updated on 2025-05-25 09:49:38 CEST.
Flavor | Version | Tinstall | Tcheck | Ttotal | Status | Flags |
---|---|---|---|---|---|---|
r-devel-linux-x86_64-debian-clang | 1.9 | 12.91 | 93.92 | 106.83 | NOTE | |
r-devel-linux-x86_64-debian-gcc | 1.9 | 8.63 | 66.83 | 75.46 | NOTE | |
r-devel-linux-x86_64-fedora-clang | 1.9 | 168.11 | OK | |||
r-devel-linux-x86_64-fedora-gcc | 1.9 | 163.00 | OK | |||
r-devel-windows-x86_64 | 1.9 | 12.00 | 105.00 | 117.00 | OK | |
r-patched-linux-x86_64 | 1.9 | 11.73 | 88.81 | 100.54 | OK | |
r-release-linux-x86_64 | 1.9 | 11.22 | 90.09 | 101.31 | OK | |
r-release-macos-arm64 | 1.9 | 49.00 | OK | |||
r-release-macos-x86_64 | 1.9 | 122.00 | OK | |||
r-release-windows-x86_64 | 1.9 | 13.00 | 101.00 | 114.00 | OK | |
r-oldrel-macos-arm64 | 1.9 | 47.00 | OK | |||
r-oldrel-macos-x86_64 | 1.9 | 100.00 | OK | |||
r-oldrel-windows-x86_64 | 1.9 | 16.00 | 124.00 | 140.00 | OK |
Version: 1.9
Check: CRAN incoming feasibility
Result: NOTE
Maintainer: ‘Arthur White <arwhite@tcd.ie>’
Package CITATION file contains call(s) to old-style personList() or
as.personList(). Please use c() on person objects instead.
Package CITATION file contains call(s) to old-style citEntry(). Please
use bibentry() instead.
Flavors: r-devel-linux-x86_64-debian-clang, r-devel-linux-x86_64-debian-gcc