Last updated on 2024-08-05 09:48:02 CEST.
Flavor | Version | Tinstall | Tcheck | Ttotal | Status | Flags |
---|---|---|---|---|---|---|
r-devel-linux-x86_64-debian-clang | 2.1.4 | 40.78 | 195.52 | 236.30 | OK | |
r-devel-linux-x86_64-debian-gcc | 2.1.4 | 21.06 | 97.21 | 118.27 | OK | |
r-devel-linux-x86_64-fedora-gcc | 2.1.4 | 281.61 | NOTE | |||
r-devel-windows-x86_64 | 2.1.4 | 37.00 | 159.00 | 196.00 | OK | |
r-patched-linux-x86_64 | 2.1.4 | 31.17 | 138.72 | 169.89 | OK | |
r-release-linux-x86_64 | 2.1.4 | 33.67 | 188.40 | 222.07 | OK | |
r-release-macos-arm64 | 2.1.4 | 66.00 | OK | |||
r-release-macos-x86_64 | 2.1.4 | 108.00 | OK | |||
r-release-windows-x86_64 | 2.1.4 | 38.00 | 161.00 | 199.00 | OK | |
r-oldrel-macos-arm64 | 2.1.4 | 70.00 | OK | |||
r-oldrel-macos-x86_64 | 2.1.4 | 205.00 | OK | |||
r-oldrel-windows-x86_64 | 2.1.4 | 42.00 | 199.00 | 241.00 | OK |
Version: 2.1.4
Check: dependencies in R code
Result: NOTE
Namespace in Imports field not imported from: ‘RBGL’
All declared Imports should be used.
Flavor: r-devel-linux-x86_64-fedora-gcc