Last updated on 2024-08-05 09:48:02 CEST.
Flavor | Version | Tinstall | Tcheck | Ttotal | Status | Flags |
---|---|---|---|---|---|---|
r-devel-linux-x86_64-debian-clang | 1.0.0 | 32.19 | 122.75 | 154.94 | NOTE | |
r-devel-linux-x86_64-debian-gcc | 1.0.0 | 19.39 | 68.69 | 88.08 | NOTE | |
r-devel-linux-x86_64-fedora-gcc | 1.0.0 | 217.17 | NOTE | |||
r-devel-windows-x86_64 | 1.0.0 | 31.00 | 128.00 | 159.00 | NOTE | |
r-patched-linux-x86_64 | 1.0.0 | 24.39 | 90.67 | 115.06 | NOTE | |
r-release-linux-x86_64 | 1.0.0 | 32.15 | 118.15 | 150.30 | NOTE | |
r-release-macos-arm64 | 1.0.0 | 70.00 | NOTE | |||
r-release-macos-x86_64 | 1.0.0 | 102.00 | NOTE | |||
r-release-windows-x86_64 | 1.0.0 | 32.00 | 127.00 | 159.00 | NOTE | |
r-oldrel-macos-arm64 | 1.0.0 | 89.00 | NOTE | |||
r-oldrel-macos-x86_64 | 1.0.0 | 128.00 | NOTE | |||
r-oldrel-windows-x86_64 | 1.0.0 | 38.00 | 149.00 | 187.00 | NOTE |
Version: 1.0.0
Check: C++ specification
Result: NOTE
Specified C++11: please drop specification unless essential
Flavors: r-devel-linux-x86_64-debian-clang, r-devel-linux-x86_64-debian-gcc, r-devel-linux-x86_64-fedora-gcc, r-devel-windows-x86_64, r-patched-linux-x86_64, r-release-linux-x86_64, r-release-macos-arm64, r-release-macos-x86_64, r-release-windows-x86_64, r-oldrel-macos-arm64, r-oldrel-macos-x86_64, r-oldrel-windows-x86_64
Version: 1.0.0
Check: LazyData
Result: NOTE
'LazyData' is specified without a 'data' directory
Flavors: r-devel-linux-x86_64-debian-clang, r-devel-linux-x86_64-debian-gcc, r-devel-linux-x86_64-fedora-gcc, r-devel-windows-x86_64, r-patched-linux-x86_64, r-release-linux-x86_64, r-release-macos-arm64, r-release-macos-x86_64, r-release-windows-x86_64, r-oldrel-macos-arm64, r-oldrel-macos-x86_64, r-oldrel-windows-x86_64