CRAN Package Check Results for Package BlakerCI

Last updated on 2025-11-23 09:50:42 CET.

Flavor Version Tinstall Tcheck Ttotal Status Flags
r-devel-linux-x86_64-debian-clang 1.0-6 2.03 24.58 26.61 NOTE
r-devel-linux-x86_64-debian-gcc 1.0-6 1.63 19.47 21.10 NOTE
r-devel-linux-x86_64-fedora-clang 1.0-6 39.14 OK
r-devel-windows-x86_64 1.0-6 5.00 44.00 49.00 OK
r-patched-linux-x86_64 1.0-6 2.45 22.83 25.28 OK
r-release-linux-x86_64 1.0-6 1.65 22.74 24.39 OK
r-release-macos-arm64 1.0-6 OK
r-release-macos-x86_64 1.0-6 2.00 23.00 25.00 OK
r-release-windows-x86_64 1.0-6 3.00 43.00 46.00 OK
r-oldrel-macos-arm64 1.0-6 OK
r-oldrel-macos-x86_64 1.0-6 2.00 19.00 21.00 OK
r-oldrel-windows-x86_64 1.0-6 4.00 44.00 48.00 OK

Check Details

Version: 1.0-6
Check: CRAN incoming feasibility
Result: NOTE Maintainer: ‘Jan Klaschka <klaschka@cs.cas.cz>’ No Authors@R field in DESCRIPTION. Please add one, modifying Authors@R: person(given = "Jan", family = "Klaschka", role = c("aut", "cre"), email = "klaschka@cs.cas.cz") as necessary. Found the following URLs which should use \doi (with the DOI name only): File ‘binom.blaker.VHadj.limits.Rd’: http://dx.doi.org/10.1080/03610918.2014.911900 File ‘binom.blaker.limits.Rd’: http://dx.doi.org/10.1080/03610918.2014.911900 File ‘poisson.blaker.limits.Rd’: http://dx.doi.org/10.1080/03610918.2014.911900 Flavors: r-devel-linux-x86_64-debian-clang, r-devel-linux-x86_64-debian-gcc