Last updated on 2024-07-16 09:50:09 CEST.
Flavor | Version | Tinstall | Tcheck | Ttotal | Status | Flags |
---|---|---|---|---|---|---|
r-devel-linux-x86_64-debian-clang | 1.1 | 2.67 | 27.77 | 30.44 | NOTE | |
r-devel-linux-x86_64-debian-gcc | 1.1 | 2.08 | 21.45 | 23.53 | NOTE | |
r-devel-linux-x86_64-fedora-clang | 1.1 | 38.93 | NOTE | |||
r-devel-linux-x86_64-fedora-gcc | 1.1 | 37.01 | NOTE | |||
r-devel-windows-x86_64 | 1.1 | 3.00 | 52.00 | 55.00 | NOTE | |
r-patched-linux-x86_64 | 1.1 | 2.65 | 28.03 | 30.68 | NOTE | |
r-release-linux-x86_64 | 1.1 | 2.59 | 27.08 | 29.67 | NOTE | |
r-release-macos-arm64 | 1.1 | 16.00 | NOTE | |||
r-release-macos-x86_64 | 1.1 | 23.00 | NOTE | |||
r-release-windows-x86_64 | 1.1 | 3.00 | 51.00 | 54.00 | NOTE | |
r-oldrel-macos-arm64 | 1.1 | 16.00 | NOTE | |||
r-oldrel-macos-x86_64 | 1.1 | 22.00 | NOTE | |||
r-oldrel-windows-x86_64 | 1.1 | 3.00 | 51.00 | 54.00 | NOTE |
Version: 1.1
Check: LazyData
Result: NOTE
'LazyData' is specified without a 'data' directory
Flavors: r-devel-linux-x86_64-debian-clang, r-devel-linux-x86_64-debian-gcc, r-devel-linux-x86_64-fedora-clang, r-devel-linux-x86_64-fedora-gcc, r-devel-windows-x86_64, r-patched-linux-x86_64, r-release-linux-x86_64, r-release-macos-arm64, r-release-macos-x86_64, r-release-windows-x86_64, r-oldrel-macos-arm64, r-oldrel-macos-x86_64, r-oldrel-windows-x86_64
Version: 1.1
Check: Rd cross-references
Result: NOTE
Undeclared packages ‘Hmisc’, ‘gtools’ in Rd xrefs
Flavor: r-devel-linux-x86_64-fedora-clang