Last updated on 2024-08-05 09:48:03 CEST.
Flavor | Version | Tinstall | Tcheck | Ttotal | Status | Flags |
---|---|---|---|---|---|---|
r-devel-linux-x86_64-debian-clang | 3.0.4 | 115.38 | 308.78 | 424.16 | OK | |
r-devel-linux-x86_64-debian-gcc | 3.0.4 | 66.26 | 180.68 | 246.94 | OK | |
r-devel-linux-x86_64-fedora-gcc | 3.0.4 | 566.23 | OK | |||
r-devel-windows-x86_64 | 3.0.4 | 91.00 | 150.00 | 241.00 | OK | --no-examples --no-tests --no-vignettes |
r-patched-linux-x86_64 | 3.0.4 | 86.85 | 240.95 | 327.80 | OK | |
r-release-linux-x86_64 | 3.0.4 | 77.74 | 321.36 | 399.10 | OK | |
r-release-macos-arm64 | 3.0.4 | 141.00 | NOTE | |||
r-release-macos-x86_64 | 3.0.4 | 344.00 | NOTE | |||
r-release-windows-x86_64 | 3.0.4 | 88.00 | 144.00 | 232.00 | OK | --no-examples --no-tests --no-vignettes |
r-oldrel-macos-arm64 | 3.0.4 | 178.00 | NOTE | |||
r-oldrel-macos-x86_64 | 3.0.4 | 298.00 | NOTE | |||
r-oldrel-windows-x86_64 | 3.0.4 | 118.00 | 146.00 | 264.00 | OK | --no-examples --no-tests --no-vignettes |
Version: 3.0.4
Check: installed package size
Result: NOTE
installed size is 8.3Mb
sub-directories of 1Mb or more:
libs 6.9Mb
Flavors: r-release-macos-arm64, r-release-macos-x86_64, r-oldrel-macos-arm64, r-oldrel-macos-x86_64