CRAN Package Check Results for Package CIMTx

Last updated on 2025-05-14 09:49:32 CEST.

Flavor Version Tinstall Tcheck Ttotal Status Flags
r-devel-linux-x86_64-debian-clang 1.2.0 18.06 121.12 139.18 OK
r-devel-linux-x86_64-debian-gcc 1.2.0 11.87 82.41 94.28 OK
r-devel-linux-x86_64-fedora-clang 1.2.0 221.41 NOTE
r-devel-linux-x86_64-fedora-gcc 1.2.0 214.87 NOTE
r-devel-windows-x86_64 1.2.0 19.00 128.00 147.00 OK
r-patched-linux-x86_64 1.2.0 17.64 111.82 129.46 OK
r-release-linux-x86_64 1.2.0 14.75 114.17 128.92 OK
r-release-macos-arm64 1.2.0 51.00 OK
r-release-macos-x86_64 1.2.0 113.00 OK
r-release-windows-x86_64 1.2.0 18.00 126.00 144.00 OK
r-oldrel-macos-arm64 1.2.0 58.00 OK
r-oldrel-macos-x86_64 1.2.0 80.00 OK
r-oldrel-windows-x86_64 1.2.0 25.00 163.00 188.00 OK

Check Details

Version: 1.2.0
Check: dependencies in R code
Result: NOTE Namespace in Imports field not imported from: ‘magrittr’ All declared Imports should be used. Flavors: r-devel-linux-x86_64-fedora-clang, r-devel-linux-x86_64-fedora-gcc