Last updated on 2025-11-13 09:50:42 CET.
| Flavor | Version | Tinstall | Tcheck | Ttotal | Status | Flags |
|---|---|---|---|---|---|---|
| r-devel-linux-x86_64-debian-clang | 1.0.0 | 104.79 | 85.09 | 189.88 | WARN | |
| r-devel-linux-x86_64-debian-gcc | 1.0.1 | 80.03 | 59.58 | 139.61 | OK | |
| r-devel-linux-x86_64-fedora-clang | 1.0.1 | 159.00 | 192.64 | 351.64 | OK | |
| r-devel-linux-x86_64-fedora-gcc | 1.0.1 | 111.00 | 242.35 | 353.35 | OK | |
| r-devel-windows-x86_64 | 1.0.1 | 128.00 | 127.00 | 255.00 | OK | |
| r-patched-linux-x86_64 | 1.0.0 | 117.79 | 79.37 | 197.16 | NOTE | |
| r-release-linux-x86_64 | 1.0.0 | 115.78 | 80.20 | 195.98 | NOTE | |
| r-release-macos-arm64 | 1.0.1 | 41.00 | 41.00 | 82.00 | OK | |
| r-release-macos-x86_64 | 1.0.1 | 55.00 | 104.00 | 159.00 | OK | |
| r-release-windows-x86_64 | 1.0.1 | 123.00 | 115.00 | 238.00 | OK | |
| r-oldrel-macos-arm64 | 1.0.1 | 40.00 | 44.00 | 84.00 | NOTE | |
| r-oldrel-macos-x86_64 | 1.0.1 | 65.00 | 103.00 | 168.00 | NOTE | |
| r-oldrel-windows-x86_64 | 1.0.1 | 114.00 | 144.00 | 258.00 | OK |
Version: 1.0.0
Check: CRAN incoming feasibility
Result: NOTE
Maintainer: ‘S. Gorsky <sgorsky@umass.edu>’
The Description field contains
information, see Gorsky, Chan and Ma (2020) <arXiv:2001.06451>.
Please refer to arXiv e-prints via their arXiv DOI <doi:10.48550/arXiv.YYMM.NNNNN>.
Flavor: r-devel-linux-x86_64-debian-clang
Version: 1.0.0
Check: whether package can be installed
Result: WARN
Found the following significant warnings:
/home/hornik/tmp/R.check/r-devel-clang/Work/build/Packages/RcppArmadillo/include/RcppArmadillo/version/arma.h:66:17: warning: Using fallback compilation with Armadillo 14.6.3. Please consider defining -DARMA_USE_CURRENT and also removing C++11 compilation directive. See GitHub issue #475 for more. [-W#pragma-messages]
See ‘/home/hornik/tmp/R.check/r-devel-clang/Work/PKGS/COMIX.Rcheck/00install.out’ for details.
* used C++ compiler: ‘Debian clang version 19.1.7 (10)’
Flavor: r-devel-linux-x86_64-debian-clang
Version: 1.0.0
Check: C++ specification
Result: NOTE
Specified C++11: please drop specification unless essential
Flavors: r-devel-linux-x86_64-debian-clang, r-patched-linux-x86_64, r-release-linux-x86_64
Version: 1.0.1
Check: installed package size
Result: NOTE
installed size is 16.5Mb
sub-directories of 1Mb or more:
doc 1.8Mb
libs 14.4Mb
Flavors: r-oldrel-macos-arm64, r-oldrel-macos-x86_64