Last updated on 2024-08-05 09:48:04 CEST.
Flavor | Version | Tinstall | Tcheck | Ttotal | Status | Flags |
---|---|---|---|---|---|---|
r-devel-linux-x86_64-debian-clang | 1.0.0 | 7.78 | 60.45 | 68.23 | OK | |
r-devel-linux-x86_64-debian-gcc | 1.0.0 | 5.36 | 35.04 | 40.40 | OK | |
r-devel-linux-x86_64-fedora-gcc | 1.0.0 | 79.70 | NOTE | |||
r-devel-windows-x86_64 | 1.0.0 | 10.00 | 61.00 | 71.00 | OK | |
r-patched-linux-x86_64 | 1.0.0 | 7.21 | 44.76 | 51.97 | OK | |
r-release-linux-x86_64 | 1.0.0 | 7.86 | 56.96 | 64.82 | OK | |
r-release-macos-arm64 | 1.0.0 | 28.00 | OK | |||
r-release-macos-x86_64 | 1.0.0 | 41.00 | OK | |||
r-release-windows-x86_64 | 1.0.0 | 9.00 | 79.00 | 88.00 | OK | |
r-oldrel-macos-arm64 | 1.0.0 | 31.00 | OK | |||
r-oldrel-macos-x86_64 | 1.0.0 | 43.00 | OK | |||
r-oldrel-windows-x86_64 | 1.0.0 | 10.00 | 68.00 | 78.00 | OK |
Version: 1.0.0
Check: data for non-ASCII characters
Result: NOTE
Note: found 11 marked Latin-1 strings
Note: found 57 marked UTF-8 strings
Flavor: r-devel-linux-x86_64-fedora-gcc