Last updated on 2024-08-05 09:48:04 CEST.
Flavor | Version | Tinstall | Tcheck | Ttotal | Status | Flags |
---|---|---|---|---|---|---|
r-devel-linux-x86_64-debian-clang | 1.2 | 7.20 | 76.92 | 84.12 | WARN | |
r-devel-linux-x86_64-debian-gcc | 1.2 | 3.96 | 41.90 | 45.86 | WARN | |
r-devel-linux-x86_64-fedora-gcc | 1.2 | 95.19 | WARN | |||
r-devel-windows-x86_64 | 1.2 | 8.00 | 79.00 | 87.00 | WARN | |
r-patched-linux-x86_64 | 1.2 | 5.70 | 56.22 | 61.92 | OK | |
r-release-linux-x86_64 | 1.2 | 5.47 | 73.91 | 79.38 | OK | |
r-release-macos-arm64 | 1.2 | 33.00 | OK | |||
r-release-macos-x86_64 | 1.2 | 48.00 | OK | |||
r-release-windows-x86_64 | 1.2 | 8.00 | 79.00 | 87.00 | OK | |
r-oldrel-macos-arm64 | 1.2 | 38.00 | OK | |||
r-oldrel-macos-x86_64 | 1.2 | 83.00 | OK | |||
r-oldrel-windows-x86_64 | 1.2 | 9.00 | 85.00 | 94.00 | OK |
Version: 1.2
Check: ‘build’ directory
Result: WARN
Source(s) listed in 'build/vignette.rds' but not in package:
‘CTD_Lab-Exercise.Rmd’
Flavors: r-devel-linux-x86_64-debian-clang, r-devel-linux-x86_64-debian-gcc, r-devel-linux-x86_64-fedora-gcc, r-devel-windows-x86_64