Last updated on 2025-05-13 09:53:23 CEST.
Flavor | Version | Tinstall | Tcheck | Ttotal | Status | Flags |
---|---|---|---|---|---|---|
r-devel-linux-x86_64-debian-clang | 1.0-15 | 128.55 | 303.13 | 431.68 | OK | |
r-devel-linux-x86_64-debian-gcc | 1.0-15 | 85.59 | 203.33 | 288.92 | OK | |
r-devel-linux-x86_64-fedora-clang | 1.0-15 | 710.71 | OK | |||
r-devel-linux-x86_64-fedora-gcc | 1.0-15 | 706.46 | OK | |||
r-devel-windows-x86_64 | 1.0-15 | 138.00 | 348.00 | 486.00 | OK | |
r-patched-linux-x86_64 | 1.0-15 | 140.53 | 289.27 | 429.80 | OK | |
r-release-linux-x86_64 | 1.0-15 | 127.45 | 282.94 | 410.39 | OK | |
r-release-macos-arm64 | 1.0-15 | 173.00 | OK | |||
r-release-macos-x86_64 | 1.0-15 | 389.00 | OK | |||
r-release-windows-x86_64 | 1.0-15 | 137.00 | 350.00 | 487.00 | OK | |
r-oldrel-macos-arm64 | 1.0-15 | 184.00 | NOTE | |||
r-oldrel-macos-x86_64 | 1.0-15 | 321.00 | NOTE | |||
r-oldrel-windows-x86_64 | 1.0-15 | 174.00 | 440.00 | 614.00 | NOTE |
Version: 1.0-15
Check: package dependencies
Result: NOTE
Packages which this enhances but not available for checking:
'Rcplex', 'gurobi', 'rcbc'
Flavors: r-oldrel-macos-arm64, r-oldrel-macos-x86_64, r-oldrel-windows-x86_64
Version: 1.0-15
Check: installed package size
Result: NOTE
installed size is 10.5Mb
sub-directories of 1Mb or more:
R 3.1Mb
doc 1.2Mb
help 1.1Mb
libs 4.7Mb
Flavors: r-oldrel-macos-arm64, r-oldrel-macos-x86_64, r-oldrel-windows-x86_64