Last updated on 2025-05-23 09:52:07 CEST.
Flavor | Version | Tinstall | Tcheck | Ttotal | Status | Flags |
---|---|---|---|---|---|---|
r-devel-linux-x86_64-debian-clang | 1.0.0 | 25.09 | 96.64 | 121.73 | OK | |
r-devel-linux-x86_64-debian-gcc | 1.0.0 | 17.11 | 68.48 | 85.59 | OK | |
r-devel-linux-x86_64-fedora-clang | 1.0.0 | 213.77 | OK | |||
r-devel-linux-x86_64-fedora-gcc | 1.0.0 | 200.92 | OK | |||
r-devel-windows-x86_64 | 1.0.0 | 32.00 | 120.00 | 152.00 | OK | |
r-patched-linux-x86_64 | 1.0.0 | 23.21 | 92.72 | 115.93 | OK | |
r-release-linux-x86_64 | 1.0.0 | 23.12 | 92.13 | 115.25 | OK | |
r-release-macos-arm64 | 1.0.0 | 66.00 | OK | |||
r-release-macos-x86_64 | 1.0.0 | 122.00 | OK | |||
r-release-windows-x86_64 | 1.0.0 | 32.00 | 474.00 | 506.00 | OK | |
r-oldrel-macos-arm64 | 1.0.0 | 65.00 | NOTE | |||
r-oldrel-macos-x86_64 | 1.0.0 | 106.00 | NOTE | |||
r-oldrel-windows-x86_64 | 1.0.0 | 37.00 | 152.00 | 189.00 | NOTE |
Version: 1.0.0
Check: installed package size
Result: NOTE
installed size is 6.5Mb
sub-directories of 1Mb or more:
extdata 5.3Mb
Flavors: r-oldrel-macos-arm64, r-oldrel-macos-x86_64, r-oldrel-windows-x86_64