Last updated on 2024-07-16 09:50:10 CEST.
Flavor | Version | Tinstall | Tcheck | Ttotal | Status | Flags |
---|---|---|---|---|---|---|
r-devel-linux-x86_64-debian-clang | 2.0.0 | 12.12 | 92.89 | 105.01 | OK | |
r-devel-linux-x86_64-debian-gcc | 2.0.0 | 8.71 | 69.97 | 78.68 | OK | |
r-devel-linux-x86_64-fedora-clang | 2.0.0 | 136.53 | OK | |||
r-devel-linux-x86_64-fedora-gcc | 2.0.0 | 123.25 | OK | |||
r-devel-windows-x86_64 | 2.0.0 | 10.00 | 82.00 | 92.00 | NOTE | |
r-patched-linux-x86_64 | 2.0.0 | 14.96 | 93.80 | 108.76 | OK | |
r-release-linux-x86_64 | 2.0.0 | 8.73 | 88.64 | 97.37 | OK | |
r-release-macos-arm64 | 2.0.0 | 38.00 | OK | |||
r-release-macos-x86_64 | 2.0.0 | 56.00 | OK | |||
r-release-windows-x86_64 | 2.0.0 | 10.00 | 83.00 | 93.00 | OK | |
r-oldrel-macos-arm64 | 2.0.0 | 42.00 | OK | |||
r-oldrel-macos-x86_64 | 2.0.0 | 107.00 | OK | |||
r-oldrel-windows-x86_64 | 2.0.0 | 13.00 | 101.00 | 114.00 | OK |
Version: 2.0.0
Check: Rd cross-references
Result: NOTE
Found the following Rd file(s) with Rd \link{} targets missing package
anchors:
CoImp-class.Rd: fitCopula, lp, copula-class
CoImp.Rd: fitCopula, lp
MAR-class.Rd: lp, copula-class
MAR.Rd: fitCopula
MCAR-class.Rd: lp, copula-class
MCAR.Rd: fitCopula
NPCoImp-class.Rd: cluster, copula-class
PerfMeasure-class.Rd: tailIndex, lp, copula-class
PerfMeasure.Rd: fitCopula, tailIndex
Please provide package anchors for all Rd \link{} targets not in the
package itself and the base packages.
Flavor: r-devel-windows-x86_64