Last updated on 2024-08-05 09:48:04 CEST.
Flavor | Version | Tinstall | Tcheck | Ttotal | Status | Flags |
---|---|---|---|---|---|---|
r-devel-linux-x86_64-debian-clang | 0.5.10 | 12.56 | 35.77 | 48.33 | NOTE | |
r-devel-linux-x86_64-debian-gcc | 0.5.10 | 6.27 | 21.09 | 27.36 | NOTE | |
r-devel-linux-x86_64-fedora-gcc | 0.5.10 | 56.00 | NOTE | |||
r-devel-windows-x86_64 | 0.5.10 | 20.00 | 53.00 | 73.00 | NOTE | |
r-patched-linux-x86_64 | 0.5.10 | 9.36 | 25.70 | 35.06 | NOTE | |
r-release-linux-x86_64 | 0.5.10 | 11.31 | 34.03 | 45.34 | NOTE | |
r-release-macos-arm64 | 0.5.10 | 25.00 | NOTE | |||
r-release-macos-x86_64 | 0.5.10 | 33.00 | NOTE | |||
r-release-windows-x86_64 | 0.5.10 | 19.00 | 52.00 | 71.00 | NOTE | |
r-oldrel-macos-arm64 | 0.5.10 | 25.00 | OK | |||
r-oldrel-macos-x86_64 | 0.5.10 | 37.00 | OK | |||
r-oldrel-windows-x86_64 | 0.5.10 | 22.00 | 55.00 | 77.00 | OK |
Version: 0.5.10
Check: Rd files
Result: NOTE
checkRd: (-1) kprime.Rd:36: Lost braces; missing escapes or markup?
36 | kprime is a {p,d,q} set of functions that compute the K-prime distribution. This distribution has many applications,
| ^
checkRd: (-1) lsecond.Rd:37: Lost braces; missing escapes or markup?
37 | lsecond are {p,d,q} functions that compute the Lambda-second (L") distribution. This
| ^
checkRd: (-1) pilsecond.Rd:39: Lost braces; missing escapes or markup?
39 | pilsecond are {p,d,q} functions that compute the prior-informed Lambda-second (L") distribution. This
| ^
Flavors: r-devel-linux-x86_64-debian-clang, r-devel-linux-x86_64-debian-gcc, r-devel-linux-x86_64-fedora-gcc, r-devel-windows-x86_64, r-patched-linux-x86_64, r-release-linux-x86_64, r-release-macos-arm64, r-release-macos-x86_64, r-release-windows-x86_64