Last updated on 2025-10-24 09:49:59 CEST.
| Flavor | Version | Tinstall | Tcheck | Ttotal | Status | Flags |
|---|---|---|---|---|---|---|
| r-devel-linux-x86_64-debian-clang | 1.0.0 | 6.18 | 75.71 | 81.89 | NOTE | |
| r-devel-linux-x86_64-debian-gcc | 1.0.0 | 3.94 | 57.76 | 61.70 | NOTE | |
| r-devel-linux-x86_64-fedora-clang | 1.0.0 | 29.00 | 102.89 | 131.89 | NOTE | |
| r-devel-linux-x86_64-fedora-gcc | 1.0.0 | 15.00 | 115.39 | 130.39 | NOTE | |
| r-devel-windows-x86_64 | 1.0.0 | 8.00 | 77.00 | 85.00 | NOTE | |
| r-patched-linux-x86_64 | 1.0.0 | 5.54 | 70.89 | 76.43 | NOTE | |
| r-release-linux-x86_64 | 1.0.0 | 6.36 | 71.33 | 77.69 | NOTE | |
| r-release-macos-arm64 | 1.0.0 | 2.00 | 35.00 | 37.00 | NOTE | |
| r-release-macos-x86_64 | 1.0.0 | 4.00 | 57.00 | 61.00 | NOTE | |
| r-release-windows-x86_64 | 1.0.0 | 8.00 | 79.00 | 87.00 | NOTE | |
| r-oldrel-macos-arm64 | 1.0.0 | 2.00 | 33.00 | 35.00 | OK | |
| r-oldrel-macos-x86_64 | 1.0.0 | 4.00 | 47.00 | 51.00 | OK | |
| r-oldrel-windows-x86_64 | 1.0.0 | 10.00 | 101.00 | 111.00 | OK |
Version: 1.0.0
Check: DESCRIPTION meta-information
Result: NOTE
Missing dependency on R >= 4.1.0 because package code uses the pipe
|> or function shorthand \(...) syntax added in R 4.1.0.
File(s) using such syntax:
‘fitmodel.R’
Flavors: r-devel-linux-x86_64-debian-clang, r-devel-linux-x86_64-debian-gcc, r-devel-linux-x86_64-fedora-clang, r-devel-linux-x86_64-fedora-gcc, r-devel-windows-x86_64, r-patched-linux-x86_64, r-release-linux-x86_64, r-release-macos-arm64, r-release-macos-x86_64, r-release-windows-x86_64