Last updated on 2024-07-08 09:48:55 CEST.
Flavor | Version | Tinstall | Tcheck | Ttotal | Status | Flags |
---|---|---|---|---|---|---|
r-devel-linux-x86_64-debian-clang | 3.5.8 | 168.30 | 180.42 | 348.72 | OK | |
r-devel-linux-x86_64-debian-gcc | 3.5.8 | 116.37 | 135.02 | 251.39 | OK | |
r-devel-linux-x86_64-fedora-clang | 3.5.8 | 481.93 | OK | |||
r-devel-linux-x86_64-fedora-gcc | 3.5.8 | 493.49 | OK | |||
r-devel-windows-x86_64 | 3.5.8 | 131.00 | 215.00 | 346.00 | OK | |
r-patched-linux-x86_64 | 3.5.8 | 132.63 | 169.91 | 302.54 | OK | |
r-release-linux-x86_64 | 3.5.8 | 103.23 | 176.18 | 279.41 | OK | |
r-release-macos-arm64 | 3.5.8 | 112.00 | NOTE | |||
r-release-macos-x86_64 | 3.5.8 | 141.00 | NOTE | |||
r-release-windows-x86_64 | 3.5.8 | 130.00 | 220.00 | 350.00 | OK | |
r-oldrel-macos-arm64 | 3.5.8 | 116.00 | NOTE | |||
r-oldrel-macos-x86_64 | 3.5.8 | 193.00 | NOTE | |||
r-oldrel-windows-x86_64 | 3.5.8 | 161.00 | 244.00 | 405.00 | OK |
Version: 3.5.8
Check: installed package size
Result: NOTE
installed size is 8.3Mb
sub-directories of 1Mb or more:
doc 1.9Mb
libs 5.3Mb
Flavors: r-release-macos-arm64, r-release-macos-x86_64, r-oldrel-macos-arm64, r-oldrel-macos-x86_64