Last updated on 2024-09-08 09:48:16 CEST.
Flavor | Version | Tinstall | Tcheck | Ttotal | Status | Flags |
---|---|---|---|---|---|---|
r-devel-linux-x86_64-debian-clang | 1.2.7 | 9.67 | 85.54 | 95.21 | OK | |
r-devel-linux-x86_64-debian-gcc | 1.2.7 | 6.38 | 61.35 | 67.73 | OK | |
r-devel-linux-x86_64-fedora-clang | 1.2.7 | 155.56 | NOTE | |||
r-devel-linux-x86_64-fedora-gcc | 1.2.7 | 168.90 | OK | |||
r-devel-windows-x86_64 | 1.2.7 | 11.00 | 129.00 | 140.00 | OK | |
r-patched-linux-x86_64 | 1.2.7 | 9.11 | 80.06 | 89.17 | OK | |
r-release-linux-x86_64 | 1.2.7 | 9.30 | 81.25 | 90.55 | OK | |
r-release-macos-arm64 | 1.2.7 | 49.00 | OK | |||
r-release-macos-x86_64 | 1.2.7 | 79.00 | OK | |||
r-release-windows-x86_64 | 1.2.7 | 11.00 | 126.00 | 137.00 | OK | |
r-oldrel-macos-arm64 | 1.2.7 | 52.00 | OK | |||
r-oldrel-macos-x86_64 | 1.2.7 | 83.00 | OK | |||
r-oldrel-windows-x86_64 | 1.2.7 | 16.00 | 137.00 | 153.00 | OK |
Version: 1.2.7
Check: Rd cross-references
Result: NOTE
Undeclared package ‘copula’ in Rd xrefs
Flavor: r-devel-linux-x86_64-fedora-clang