Last updated on 2024-08-05 09:48:05 CEST.
Flavor | Version | Tinstall | Tcheck | Ttotal | Status | Flags |
---|---|---|---|---|---|---|
r-devel-linux-x86_64-debian-clang | 0.1.0 | 59.12 | 529.83 | 588.95 | OK | |
r-devel-linux-x86_64-debian-gcc | 0.1.0 | 31.37 | 301.97 | 333.34 | OK | |
r-devel-linux-x86_64-fedora-gcc | 0.1.0 | 705.51 | OK | |||
r-devel-windows-x86_64 | 0.1.0 | 52.00 | 343.00 | 395.00 | OK | |
r-patched-linux-x86_64 | 0.1.0 | 41.26 | 388.47 | 429.73 | OK | |
r-release-linux-x86_64 | 0.1.0 | 53.03 | 502.58 | 555.61 | OK | |
r-release-macos-arm64 | 0.1.0 | 5.00 | ERROR | |||
r-release-macos-x86_64 | 0.1.0 | 305.00 | OK | |||
r-release-windows-x86_64 | 0.1.0 | 52.00 | 339.00 | 391.00 | OK | |
r-oldrel-macos-arm64 | 0.1.0 | 10.00 | ERROR | |||
r-oldrel-macos-x86_64 | 0.1.0 | 10.00 | ERROR | |||
r-oldrel-windows-x86_64 | 0.1.0 | 1.00 | 7.00 | 8.00 | ERROR |
Version: 0.1.0
Check: package dependencies
Result: ERROR
Package required but not available: ‘signatureSearch’
See section ‘The DESCRIPTION file’ in the ‘Writing R Extensions’
manual.
Flavor: r-release-macos-arm64
Version: 0.1.0
Check: package dependencies
Result: ERROR
Packages required but not available:
'signatureSearch', 'signatureSearchData'
See section ‘The DESCRIPTION file’ in the ‘Writing R Extensions’
manual.
Flavors: r-oldrel-macos-arm64, r-oldrel-macos-x86_64
Version: 0.1.0
Check: package dependencies
Result: ERROR
Package required but not available: 'signatureSearchData'
See section 'The DESCRIPTION file' in the 'Writing R Extensions'
manual.
Flavor: r-oldrel-windows-x86_64