Last updated on 2025-11-22 09:49:51 CET.
| Flavor | Version | Tinstall | Tcheck | Ttotal | Status | Flags |
|---|---|---|---|---|---|---|
| r-devel-linux-x86_64-debian-clang | 6.0.6 | 96.73 | 118.03 | 214.76 | NOTE | |
| r-devel-linux-x86_64-debian-gcc | 6.0.6 | 81.13 | 78.62 | 159.75 | NOTE | |
| r-devel-linux-x86_64-fedora-clang | 6.0.6 | 221.00 | 112.82 | 333.82 | NOTE | |
| r-devel-windows-x86_64 | 6.0.6 | 116.00 | 181.00 | 297.00 | NOTE | --no-vignettes |
| r-patched-linux-x86_64 | 6.0.6 | 118.79 | 103.79 | 222.58 | NOTE | |
| r-release-linux-x86_64 | 6.0.6 | 107.50 | 106.27 | 213.77 | NOTE | |
| r-release-macos-arm64 | 6.0.6 | NOTE | ||||
| r-release-macos-x86_64 | 6.0.6 | 86.00 | 70.00 | 156.00 | NOTE | |
| r-release-windows-x86_64 | 6.0.6 | 102.00 | 203.00 | 305.00 | NOTE | --no-vignettes |
| r-oldrel-macos-arm64 | 6.0.6 | NOTE | ||||
| r-oldrel-macos-x86_64 | 6.0.6 | 76.00 | 62.00 | 138.00 | NOTE | |
| r-oldrel-windows-x86_64 | 6.0.6 | 125.00 | 203.00 | 328.00 | NOTE | --no-vignettes |
Version: 6.0.6
Check: package subdirectories
Result: NOTE
Problems with news in ‘NEWS.md’:
Cannot extract version info from the following section titles:
Changes to previous versions
Minor changes
Fixes
Previous Versions
Flavors: r-devel-linux-x86_64-debian-clang, r-devel-linux-x86_64-debian-gcc, r-devel-linux-x86_64-fedora-clang, r-patched-linux-x86_64, r-release-linux-x86_64, r-release-macos-arm64, r-release-macos-x86_64, r-oldrel-macos-arm64, r-oldrel-macos-x86_64
Version: 6.0.6
Flags: --no-vignettes
Check: package subdirectories
Result: NOTE
Problems with news in 'NEWS.md':
Cannot extract version info from the following section titles:
Changes to previous versions
Minor changes
Fixes
Previous Versions
Flavors: r-devel-windows-x86_64, r-release-windows-x86_64, r-oldrel-windows-x86_64
Version: 6.0.6
Check: installed package size
Result: NOTE
installed size is 47.9Mb
sub-directories of 1Mb or more:
libs 47.2Mb
Flavors: r-oldrel-macos-arm64, r-oldrel-macos-x86_64
Version: 6.0.6
Flags: --no-vignettes
Check: installed package size
Result: NOTE
installed size is 14.2Mb
sub-directories of 1Mb or more:
libs 13.5Mb
Flavor: r-oldrel-windows-x86_64