Last updated on 2024-09-06 09:49:18 CEST.
Flavor | Version | Tinstall | Tcheck | Ttotal | Status | Flags |
---|---|---|---|---|---|---|
r-devel-linux-x86_64-debian-clang | 1.0 | 21.42 | 21.38 | 42.80 | NOTE | |
r-devel-linux-x86_64-debian-gcc | 1.0 | 13.48 | 17.23 | 30.71 | NOTE | |
r-devel-linux-x86_64-fedora-clang | 1.0 | 76.52 | NOTE | |||
r-devel-linux-x86_64-fedora-gcc | 1.0 | 78.36 | NOTE | |||
r-devel-windows-x86_64 | 1.0 | 25.00 | 72.00 | 97.00 | NOTE | |
r-patched-linux-x86_64 | 1.0 | 17.71 | 19.90 | 37.61 | NOTE | |
r-release-linux-x86_64 | 1.0 | 20.65 | 20.28 | 40.93 | NOTE | |
r-release-macos-arm64 | 1.0 | 25.00 | NOTE | |||
r-release-macos-x86_64 | 1.0 | 41.00 | NOTE | |||
r-release-windows-x86_64 | 1.0 | 24.00 | 67.00 | 91.00 | NOTE | |
r-oldrel-macos-arm64 | 1.0 | 26.00 | NOTE | |||
r-oldrel-macos-x86_64 | 1.0 | 42.00 | NOTE | |||
r-oldrel-windows-x86_64 | 1.0 | 28.00 | 70.00 | 98.00 | NOTE |
Version: 1.0
Check: LazyData
Result: NOTE
'LazyData' is specified without a 'data' directory
Flavors: r-devel-linux-x86_64-debian-clang, r-devel-linux-x86_64-debian-gcc, r-devel-linux-x86_64-fedora-clang, r-devel-linux-x86_64-fedora-gcc, r-devel-windows-x86_64, r-patched-linux-x86_64, r-release-linux-x86_64, r-release-macos-arm64, r-release-macos-x86_64, r-release-windows-x86_64, r-oldrel-macos-arm64, r-oldrel-macos-x86_64, r-oldrel-windows-x86_64