Last updated on 2025-10-22 09:50:31 CEST.
Flavor | Version | Tinstall | Tcheck | Ttotal | Status | Flags |
---|---|---|---|---|---|---|
r-devel-linux-x86_64-debian-clang | 2.0.1 | 11.92 | 215.10 | 227.02 | NOTE | |
r-devel-linux-x86_64-debian-gcc | 2.0.1 | 8.58 | 142.96 | 151.54 | NOTE | |
r-devel-linux-x86_64-fedora-clang | 2.0.1 | 59.00 | 319.92 | 378.92 | OK | |
r-devel-linux-x86_64-fedora-gcc | 2.0.1 | 27.00 | 314.20 | 341.20 | OK | |
r-devel-windows-x86_64 | 2.0.1 | 15.00 | 200.00 | 215.00 | OK | |
r-patched-linux-x86_64 | 2.0.1 | 12.74 | 205.03 | 217.77 | OK | |
r-release-linux-x86_64 | 2.0.1 | 10.17 | 206.97 | 217.14 | OK | |
r-release-macos-arm64 | 2.0.1 | 6.00 | 73.00 | 79.00 | OK | |
r-release-macos-x86_64 | 2.0.1 | 11.00 | 161.00 | 172.00 | OK | |
r-release-windows-x86_64 | 2.0.1 | 14.00 | 203.00 | 217.00 | OK | |
r-oldrel-macos-arm64 | 2.0.1 | 8.00 | 72.00 | 80.00 | OK | |
r-oldrel-macos-x86_64 | 2.0.1 | 12.00 | 163.00 | 175.00 | OK | |
r-oldrel-windows-x86_64 | 2.0.1 | 21.00 | 275.00 | 296.00 | OK |
Version: 2.0.1
Check: HTML version of manual
Result: NOTE
Found the following HTML validation problems:
print.dht_result.html:60:1 (print.dht_result.Rd:17): Warning: missing </ul> before </div>
Flavors: r-devel-linux-x86_64-debian-clang, r-devel-linux-x86_64-debian-gcc