Last updated on 2024-09-06 09:49:19 CEST.
Flavor | Version | Tinstall | Tcheck | Ttotal | Status | Flags |
---|---|---|---|---|---|---|
r-devel-linux-x86_64-debian-clang | 0.1.0 | 2.41 | 50.43 | 52.84 | OK | |
r-devel-linux-x86_64-debian-gcc | 0.1.0 | 1.75 | 32.32 | 34.07 | OK | |
r-devel-linux-x86_64-fedora-clang | 0.1.0 | 84.99 | NOTE | |||
r-devel-linux-x86_64-fedora-gcc | 0.1.0 | 81.83 | NOTE | |||
r-devel-windows-x86_64 | 0.1.0 | 4.00 | 79.00 | 83.00 | OK | |
r-patched-linux-x86_64 | 0.1.0 | 2.14 | 45.37 | 47.51 | OK | |
r-release-linux-x86_64 | 0.1.0 | 1.96 | 45.44 | 47.40 | OK | |
r-release-macos-arm64 | 0.1.0 | 29.00 | OK | |||
r-release-macos-x86_64 | 0.1.0 | 41.00 | OK | |||
r-release-windows-x86_64 | 0.1.0 | 5.00 | 72.00 | 77.00 | OK | |
r-oldrel-macos-arm64 | 0.1.0 | 32.00 | OK | |||
r-oldrel-macos-x86_64 | 0.1.0 | 37.00 | OK | |||
r-oldrel-windows-x86_64 | 0.1.0 | 5.00 | 82.00 | 87.00 | OK |
Version: 0.1.0
Check: dependencies in R code
Result: NOTE
Namespace in Imports field not imported from: ‘qcr’
All declared Imports should be used.
Flavors: r-devel-linux-x86_64-fedora-clang, r-devel-linux-x86_64-fedora-gcc