Last updated on 2024-08-05 09:48:05 CEST.
Flavor | Version | Tinstall | Tcheck | Ttotal | Status | Flags |
---|---|---|---|---|---|---|
r-devel-linux-x86_64-debian-clang | 0.1.0 | 11.43 | 120.28 | 131.71 | OK | |
r-devel-linux-x86_64-debian-gcc | 0.1.0 | 8.90 | 66.04 | 74.94 | OK | |
r-devel-linux-x86_64-fedora-gcc | 0.1.0 | 157.07 | NOTE | |||
r-devel-windows-x86_64 | 0.1.0 | 13.00 | 105.00 | 118.00 | OK | |
r-patched-linux-x86_64 | 0.1.0 | 10.58 | 89.17 | 99.75 | OK | |
r-release-linux-x86_64 | 0.1.0 | 8.59 | 115.17 | 123.76 | OK | |
r-release-macos-arm64 | 0.1.0 | 47.00 | OK | |||
r-release-macos-x86_64 | 0.1.0 | 86.00 | OK | |||
r-release-windows-x86_64 | 0.1.0 | 13.00 | 97.00 | 110.00 | OK | |
r-oldrel-macos-arm64 | 0.1.0 | 53.00 | OK | |||
r-oldrel-macos-x86_64 | 0.1.0 | 84.00 | OK | |||
r-oldrel-windows-x86_64 | 0.1.0 | 18.00 | 118.00 | 136.00 | OK |
Version: 0.1.0
Check: dependencies in R code
Result: NOTE
Namespaces in Imports field not imported from:
‘reticulate’ ‘tensorflow’
All declared Imports should be used.
Flavor: r-devel-linux-x86_64-fedora-gcc