Last updated on 2025-11-25 09:50:03 CET.
| Flavor | Version | Tinstall | Tcheck | Ttotal | Status | Flags |
|---|---|---|---|---|---|---|
| r-devel-linux-x86_64-debian-clang | 2.3 | 2.09 | 24.43 | 26.52 | NOTE | |
| r-devel-linux-x86_64-debian-gcc | 2.3 | 2.07 | 20.03 | 22.10 | NOTE | |
| r-devel-linux-x86_64-fedora-clang | 2.3 | 40.99 | OK | |||
| r-devel-linux-x86_64-fedora-gcc | 2.3 | 38.60 | OK | |||
| r-devel-windows-x86_64 | 2.3 | 7.00 | 43.00 | 50.00 | OK | |
| r-patched-linux-x86_64 | 2.3 | 2.91 | 22.81 | 25.72 | OK | |
| r-release-linux-x86_64 | 2.3 | 2.73 | 23.05 | 25.78 | OK | |
| r-release-macos-arm64 | 2.3 | OK | ||||
| r-release-macos-x86_64 | 2.3 | 3.00 | 26.00 | 29.00 | OK | |
| r-release-windows-x86_64 | 2.3 | 5.00 | 49.00 | 54.00 | OK | |
| r-oldrel-macos-arm64 | 2.3 | OK | ||||
| r-oldrel-macos-x86_64 | 2.3 | 2.00 | 21.00 | 23.00 | OK | |
| r-oldrel-windows-x86_64 | 2.3 | 5.00 | 49.00 | 54.00 | OK |
Version: 2.3
Check: CRAN incoming feasibility
Result: NOTE
Maintainer: ‘Eun-Kyung Lee <lee.eunk@gmail.com>’
No Authors@R field in DESCRIPTION.
Please add one, modifying
Authors@R: c(person(given = "Eun-Kyung",
family = "Lee",
role = c("aut", "cre"),
email = "lee.eunk@gmail.com"),
person(given = "Hye-Min",
family = "Choe",
role = "aut"))
as necessary.
Flavors: r-devel-linux-x86_64-debian-clang, r-devel-linux-x86_64-debian-gcc