CRAN Package Check Results for Package ElevDistr

Last updated on 2025-05-28 09:52:53 CEST.

Flavor Version Tinstall Tcheck Ttotal Status Flags
r-devel-linux-x86_64-debian-clang 1.0.9 3.15 115.24 118.39 OK
r-devel-linux-x86_64-debian-gcc 1.0.9 2.27 68.30 70.57 OK
r-devel-linux-x86_64-fedora-clang 1.0.9 181.99 OK
r-devel-linux-x86_64-fedora-gcc 1.0.9 200.46 OK
r-devel-windows-x86_64 1.0.9 5.00 144.00 149.00 ERROR
r-patched-linux-x86_64 1.0.9 3.08 101.07 104.15 OK
r-release-linux-x86_64 1.0.9 3.16 104.57 107.73 OK
r-release-macos-arm64 1.0.9 156.00 OK
r-release-macos-x86_64 1.0.9 386.00 OK
r-release-windows-x86_64 1.0.9 6.00 218.00 224.00 OK
r-oldrel-macos-arm64 1.0.9 217.00 OK
r-oldrel-macos-x86_64 1.0.9 245.00 OK
r-oldrel-windows-x86_64 1.0.9 6.00 240.00 246.00 OK

Check Details

Version: 1.0.9
Check: re-building of vignette outputs
Result: ERROR Error(s) in re-building vignettes: --- re-building 'ElevDistr.Rmd' using rmarkdown Quitting from ElevDistr.Rmd:103-107 [unnamed-chunk-10] ~~~~~~~~~~~~~~~~~~~~~~~~~~~~~~~~~~~~~~~~~~~~~~~~~~~~~~~~~~~~~~~~~~~~~~~~~~~~~~~~ <error/rlang_error> Error: ! 500 - Server error --- Backtrace: ▆ 1. └─rgbif::occ_data(...) 2. └─base::lapply(...) 3. └─rgbif (local) FUN(X[[i]], ...) 4. └─rgbif:::gbif_GET(url, args, TRUE, curlopts) ~~~~~~~~~~~~~~~~~~~~~~~~~~~~~~~~~~~~~~~~~~~~~~~~~~~~~~~~~~~~~~~~~~~~~~~~~~~~~~~~ Error: processing vignette 'ElevDistr.Rmd' failed with diagnostics: 500 - Server error --- failed re-building 'ElevDistr.Rmd' SUMMARY: processing the following file failed: 'ElevDistr.Rmd' Error: Vignette re-building failed. Execution halted Flavor: r-devel-windows-x86_64