Last updated on 2024-08-05 09:48:06 CEST.
Flavor | Version | Tinstall | Tcheck | Ttotal | Status | Flags |
---|---|---|---|---|---|---|
r-devel-linux-x86_64-debian-clang | 0.10.1 | 39.17 | 481.82 | 520.99 | OK | |
r-devel-linux-x86_64-debian-gcc | 0.10.1 | 19.99 | 238.42 | 258.41 | OK | |
r-devel-linux-x86_64-fedora-gcc | 0.10.1 | 614.36 | OK | |||
r-devel-windows-x86_64 | 0.10.1 | 30.00 | 340.00 | 370.00 | OK | |
r-patched-linux-x86_64 | 0.10.1 | 29.05 | 342.18 | 371.23 | OK | |
r-release-linux-x86_64 | 0.10.1 | 23.80 | 459.33 | 483.13 | OK | |
r-release-macos-arm64 | 0.10.1 | 175.00 | OK | |||
r-release-macos-x86_64 | 0.10.1 | 281.00 | OK | |||
r-release-windows-x86_64 | 0.10.1 | 30.00 | 336.00 | 366.00 | OK | |
r-oldrel-macos-arm64 | 0.10.1 | 187.00 | OK | |||
r-oldrel-macos-x86_64 | 0.10.1 | 571.00 | OK | |||
r-oldrel-windows-x86_64 | 0.10.1 | 39.00 | 439.00 | 478.00 | ERROR |
Version: 0.10.1
Check: re-building of vignette outputs
Result: ERROR
Error(s) in re-building vignettes:
--- re-building 'Comprimento_Plantula.Rmd' using rmarkdown
Warning in .Internal(lapply(X, FUN)) :
closing unused connection 6 (<-CRANWIN2.fb05.statistik.uni-dortmund.de:11808)
Warning in .Internal(lapply(X, FUN)) :
closing unused connection 5 (<-CRANWIN2.fb05.statistik.uni-dortmund.de:11808)
--- finished re-building 'Comprimento_Plantula.Rmd'
--- re-building 'Contagem_de_bovinos.Rmd' using rmarkdown
Warning in for (i in seq_len(differences)) r <- r[i1] - r[-length(r):-(length(r) - :
closing unused connection 6 (<-CRANWIN2.fb05.statistik.uni-dortmund.de:11966)
Warning in for (i in seq_len(differences)) r <- r[i1] - r[-length(r):-(length(r) - :
closing unused connection 5 (<-CRANWIN2.fb05.statistik.uni-dortmund.de:11966)
--- finished re-building 'Contagem_de_bovinos.Rmd'
--- re-building 'Contagem_de_objetos.Rmd' using rmarkdown
Warning in col :
closing unused connection 6 (<-CRANWIN2.fb05.statistik.uni-dortmund.de:11759)
Warning in col :
closing unused connection 5 (<-CRANWIN2.fb05.statistik.uni-dortmund.de:11759)
--- finished re-building 'Contagem_de_objetos.Rmd'
--- re-building 'Edicao_de_imagens.Rmd' using rmarkdown
--- finished re-building 'Edicao_de_imagens.Rmd'
--- re-building 'Estimacao_Area_Foliar.Rmd' using rmarkdown
Quitting from lines 116-125 [unnamed-chunk-6] (Estimacao_Area_Foliar.Rmd)
Error: processing vignette 'Estimacao_Area_Foliar.Rmd' failed with diagnostics:
(subscript) logical subscript too long
--- failed re-building 'Estimacao_Area_Foliar.Rmd'
--- re-building 'Estimar_doenca_Amendoim.Rmd' using rmarkdown
--- finished re-building 'Estimar_doenca_Amendoim.Rmd'
SUMMARY: processing the following file failed:
'Estimacao_Area_Foliar.Rmd'
Error: Vignette re-building failed.
Execution halted
Flavor: r-oldrel-windows-x86_64