Last updated on 2025-11-23 09:50:48 CET.
| Flavor | Version | Tinstall | Tcheck | Ttotal | Status | Flags |
|---|---|---|---|---|---|---|
| r-devel-linux-x86_64-debian-clang | 0.5.0 | 99.23 | 1125.99 | 1225.22 | OK | |
| r-devel-linux-x86_64-debian-gcc | 0.6.0 | 67.90 | 598.06 | 665.96 | OK | |
| r-devel-linux-x86_64-fedora-clang | 0.6.0 | 115.00 | 1504.28 | 1619.28 | OK | |
| r-devel-windows-x86_64 | 0.5.0 | 95.00 | 740.00 | 835.00 | OK | |
| r-patched-linux-x86_64 | 0.5.0 | 88.08 | 817.29 | 905.37 | OK | |
| r-release-linux-x86_64 | 0.5.0 | 90.67 | 812.07 | 902.74 | OK | |
| r-release-macos-arm64 | 0.6.0 | 4.00 | ERROR | |||
| r-release-macos-x86_64 | 0.6.0 | 119.00 | 628.00 | 747.00 | OK | |
| r-release-windows-x86_64 | 0.5.0 | 89.00 | 676.00 | 765.00 | OK | |
| r-oldrel-macos-arm64 | 0.6.0 | 9.00 | ERROR | |||
| r-oldrel-macos-x86_64 | 0.6.0 | 148.00 | 1077.00 | 1225.00 | NOTE | |
| r-oldrel-windows-x86_64 | 0.5.0 | 117.00 | 946.00 | 1063.00 | NOTE |
Version: 0.6.0
Check: package dependencies
Result: ERROR
Package required but not available: ‘survcomp’
See section ‘The DESCRIPTION file’ in the ‘Writing R Extensions’
manual.
Flavors: r-release-macos-arm64, r-oldrel-macos-arm64
Version: 0.6.0
Check: installed package size
Result: NOTE
installed size is 11.2Mb
sub-directories of 1Mb or more:
R 2.7Mb
doc 1.2Mb
libs 6.4Mb
Flavor: r-oldrel-macos-x86_64
Version: 0.5.0
Check: installed package size
Result: NOTE
installed size is 5.2Mb
sub-directories of 1Mb or more:
R 1.6Mb
doc 1.3Mb
libs 1.4Mb
Flavor: r-oldrel-windows-x86_64