Last updated on 2024-09-06 09:49:20 CEST.
Flavor | Version | Tinstall | Tcheck | Ttotal | Status | Flags |
---|---|---|---|---|---|---|
r-devel-linux-x86_64-debian-clang | 1.3.6.3 | 7.92 | 189.34 | 197.26 | NOTE | |
r-devel-linux-x86_64-debian-gcc | 1.3.6.3 | 4.88 | 116.48 | 121.36 | NOTE | |
r-devel-linux-x86_64-fedora-clang | 1.3.6.3 | 308.91 | OK | |||
r-devel-linux-x86_64-fedora-gcc | 1.3.6.3 | 306.04 | OK | |||
r-devel-windows-x86_64 | 1.3.6.3 | 12.00 | 293.00 | 305.00 | NOTE | |
r-patched-linux-x86_64 | 1.3.6.3 | 10.37 | 172.02 | 182.39 | OK | |
r-release-linux-x86_64 | 1.3.6.3 | 6.98 | 170.97 | 177.95 | OK | |
r-release-macos-arm64 | 1.3.6.3 | 86.00 | OK | |||
r-release-macos-x86_64 | 1.3.6.3 | 166.00 | OK | |||
r-release-windows-x86_64 | 1.3.6.3 | 11.00 | 288.00 | 299.00 | OK | |
r-oldrel-macos-arm64 | 1.3.6.3 | 142.00 | OK | |||
r-oldrel-macos-x86_64 | 1.3.6.3 | 397.00 | OK | |||
r-oldrel-windows-x86_64 | 1.3.6.3 | 13.00 | 299.00 | 312.00 | OK |
Version: 1.3.6.3
Check: Rd cross-references
Result: NOTE
Found the following Rd file(s) with Rd \link{} targets missing package
anchors:
obsplot.Rd: print.deSolve, ode, deSolve
Please provide package anchors for all Rd \link{} targets not in the
package itself and the base packages.
Flavors: r-devel-linux-x86_64-debian-clang, r-devel-linux-x86_64-debian-gcc, r-devel-windows-x86_64