CRAN Package Check Results for Package FactorCopula

Last updated on 2025-10-22 09:50:32 CEST.

Flavor Version Tinstall Tcheck Ttotal Status Flags
r-devel-linux-x86_64-debian-clang 0.9.3 22.02 107.62 129.64 NOTE
r-devel-linux-x86_64-debian-gcc 0.9.3 14.95 69.47 84.42 NOTE
r-devel-linux-x86_64-fedora-clang 0.9.3 116.00 108.76 224.76 OK
r-devel-linux-x86_64-fedora-gcc 0.9.3 107.00 101.43 208.43 OK
r-devel-windows-x86_64 0.9.3 26.00 105.00 131.00 OK
r-patched-linux-x86_64 0.9.3 22.46 100.74 123.20 OK
r-release-linux-x86_64 0.9.3 22.37 101.74 124.11 OK
r-release-macos-arm64 0.9.3 14.00 45.00 59.00 OK
r-release-macos-x86_64 0.9.3 31.00 103.00 134.00 OK
r-release-windows-x86_64 0.9.3 30.00 108.00 138.00 OK
r-oldrel-macos-arm64 0.9.3 10.00 39.00 49.00 OK
r-oldrel-macos-x86_64 0.9.3 15.00 62.00 77.00 OK
r-oldrel-windows-x86_64 0.9.3 43.00 136.00 179.00 OK

Check Details

Version: 0.9.3
Check: CRAN incoming feasibility
Result: NOTE Maintainer: ‘Aristidis K. Nikoloulopoulos <a.nikoloulopoulos@uea.ac.uk>’ The Description field contains (2022) <arXiv:2201.00339>. Please refer to arXiv e-prints via their arXiv DOI <doi:10.48550/arXiv.YYMM.NNNNN>. Flavors: r-devel-linux-x86_64-debian-clang, r-devel-linux-x86_64-debian-gcc