Last updated on 2024-08-16 09:49:05 CEST.
Flavor | Version | Tinstall | Tcheck | Ttotal | Status | Flags |
---|---|---|---|---|---|---|
r-devel-linux-x86_64-debian-clang | 1.0 | 7.06 | 61.22 | 68.28 | NOTE | |
r-devel-linux-x86_64-debian-gcc | 1.0 | 5.97 | 38.97 | 44.94 | NOTE | |
r-devel-linux-x86_64-fedora-clang | 1.0 | 111.45 | NOTE | |||
r-devel-linux-x86_64-fedora-gcc | 1.0 | 103.98 | NOTE | |||
r-devel-windows-x86_64 | 1.0 | 8.00 | 82.00 | 90.00 | NOTE | |
r-patched-linux-x86_64 | 1.0 | 8.12 | 56.67 | 64.79 | NOTE | |
r-release-linux-x86_64 | 1.0 | 7.39 | 58.03 | 65.42 | NOTE | |
r-release-macos-arm64 | 1.0 | 30.00 | OK | |||
r-release-macos-x86_64 | 1.0 | 50.00 | OK | |||
r-release-windows-x86_64 | 1.0 | 9.00 | 80.00 | 89.00 | NOTE | |
r-oldrel-macos-arm64 | 1.0 | 31.00 | OK | |||
r-oldrel-macos-x86_64 | 1.0 | 51.00 | OK | |||
r-oldrel-windows-x86_64 | 1.0 | 9.00 | 97.00 | 106.00 | OK |
Version: 1.0
Check: HTML version of manual
Result: NOTE
Found the following HTML validation problems:
FuzzyNumberList.html:76:1 (FuzzyNumberList.Rd:285): Warning: trimming empty <ul>
TrapezoidalFuzzyNumberList.html:118:1 (TrapezoidalFuzzyNumberList.Rd:572): Warning: trimming empty <ul>
Flavors: r-devel-linux-x86_64-debian-clang, r-devel-linux-x86_64-debian-gcc, r-devel-linux-x86_64-fedora-clang, r-devel-linux-x86_64-fedora-gcc, r-devel-windows-x86_64, r-patched-linux-x86_64, r-release-linux-x86_64, r-release-windows-x86_64