Last updated on 2024-08-05 09:48:07 CEST.
Flavor | Version | Tinstall | Tcheck | Ttotal | Status | Flags |
---|---|---|---|---|---|---|
r-devel-linux-x86_64-debian-clang | 0.6.2 | 199.90 | 44.82 | 244.72 | OK | |
r-devel-linux-x86_64-debian-gcc | 0.6.2 | 110.38 | 36.72 | 147.10 | OK | |
r-devel-linux-x86_64-fedora-gcc | 0.6.2 | 374.36 | OK | |||
r-devel-windows-x86_64 | 0.6.2 | 134.00 | 87.00 | 221.00 | OK | |
r-patched-linux-x86_64 | 0.6.2 | 139.42 | 46.94 | 186.36 | OK | |
r-release-linux-x86_64 | 0.6.2 | 174.12 | 60.52 | 234.64 | OK | |
r-release-macos-arm64 | 0.6.2 | 84.00 | NOTE | |||
r-release-macos-x86_64 | 0.6.2 | 76.00 | NOTE | |||
r-release-windows-x86_64 | 0.6.2 | 134.00 | 87.00 | 221.00 | OK | |
r-oldrel-macos-arm64 | 0.6.2 | 77.00 | NOTE | |||
r-oldrel-macos-x86_64 | 0.6.2 | 101.00 | NOTE | |||
r-oldrel-windows-x86_64 | 0.6.2 | 160.00 | 103.00 | 263.00 | OK |
Version: 0.6.2
Check: installed package size
Result: NOTE
installed size is 55.0Mb
sub-directories of 1Mb or more:
libs 54.8Mb
Flavors: r-release-macos-arm64, r-release-macos-x86_64, r-oldrel-macos-arm64, r-oldrel-macos-x86_64