Last updated on 2024-09-08 09:48:19 CEST.
Flavor | Version | Tinstall | Tcheck | Ttotal | Status | Flags |
---|---|---|---|---|---|---|
r-devel-linux-x86_64-debian-clang | 2.2.0 | 2.52 | 35.15 | 37.67 | OK | |
r-devel-linux-x86_64-debian-gcc | 2.2.0 | 1.86 | 27.06 | 28.92 | OK | |
r-devel-linux-x86_64-fedora-clang | 2.2.0 | 62.94 | NOTE | |||
r-devel-linux-x86_64-fedora-gcc | 2.2.0 | 72.14 | NOTE | |||
r-devel-windows-x86_64 | 2.2.0 | 4.00 | 74.00 | 78.00 | OK | |
r-patched-linux-x86_64 | 2.2.0 | 2.75 | 33.27 | 36.02 | OK | |
r-release-linux-x86_64 | 2.2.0 | 2.09 | 33.54 | 35.63 | OK | |
r-release-macos-arm64 | 2.2.0 | 28.00 | OK | |||
r-release-macos-x86_64 | 2.2.0 | 43.00 | OK | |||
r-release-windows-x86_64 | 2.2.0 | 4.00 | 68.00 | 72.00 | OK | |
r-oldrel-macos-arm64 | 2.2.0 | 31.00 | OK | |||
r-oldrel-macos-x86_64 | 2.2.0 | 38.00 | OK | |||
r-oldrel-windows-x86_64 | 2.2.0 | 4.00 | 69.00 | 73.00 | OK |
Version: 2.2.0
Check: data for non-ASCII characters
Result: NOTE
Note: found 17 marked UTF-8 strings
Flavors: r-devel-linux-x86_64-fedora-clang, r-devel-linux-x86_64-fedora-gcc