Last updated on 2024-07-08 09:48:58 CEST.
Flavor | Version | Tinstall | Tcheck | Ttotal | Status | Flags |
---|---|---|---|---|---|---|
r-devel-linux-x86_64-debian-clang | 1.2.1 | 2.16 | 28.16 | 30.32 | OK | |
r-devel-linux-x86_64-debian-gcc | 1.2.1 | 1.70 | 20.80 | 22.50 | OK | |
r-devel-linux-x86_64-fedora-clang | 1.2.1 | 38.95 | NOTE | |||
r-devel-linux-x86_64-fedora-gcc | 1.2.1 | 36.40 | OK | |||
r-devel-windows-x86_64 | 1.2.1 | 3.00 | 48.00 | 51.00 | OK | |
r-patched-linux-x86_64 | 1.2.1 | 2.32 | 26.78 | 29.10 | OK | |
r-release-linux-x86_64 | 1.2.1 | 2.18 | 26.53 | 28.71 | OK | |
r-release-macos-arm64 | 1.2.1 | 16.00 | OK | |||
r-release-macos-x86_64 | 1.2.1 | 22.00 | OK | |||
r-release-windows-x86_64 | 1.2.1 | 3.00 | 48.00 | 51.00 | OK | |
r-oldrel-macos-arm64 | 1.2.1 | 35.00 | OK | |||
r-oldrel-macos-x86_64 | 1.2.1 | 53.00 | OK | |||
r-oldrel-windows-x86_64 | 1.2.1 | 5.00 | 52.00 | 57.00 | OK |
Version: 1.2.1
Check: Rd cross-references
Result: NOTE
Undeclared package ‘poibin’ in Rd xrefs
Flavor: r-devel-linux-x86_64-fedora-clang