Last updated on 2024-08-05 09:48:07 CEST.
Flavor | Version | Tinstall | Tcheck | Ttotal | Status | Flags |
---|---|---|---|---|---|---|
r-devel-linux-x86_64-debian-clang | 0.2.2 | 9.10 | 116.88 | 125.98 | OK | |
r-devel-linux-x86_64-debian-gcc | 0.2.2 | 6.18 | 67.05 | 73.23 | OK | |
r-devel-linux-x86_64-fedora-gcc | 0.2.2 | 149.48 | OK | |||
r-devel-windows-x86_64 | 0.2.2 | 11.00 | 104.00 | 115.00 | OK | |
r-patched-linux-x86_64 | 0.2.2 | 8.65 | 84.72 | 93.37 | OK | |
r-release-linux-x86_64 | 0.2.2 | 8.45 | 114.18 | 122.63 | OK | |
r-release-macos-arm64 | 0.2.2 | 44.00 | OK | |||
r-release-macos-x86_64 | 0.2.2 | 65.00 | OK | |||
r-release-windows-x86_64 | 0.2.2 | 11.00 | 104.00 | 115.00 | OK | |
r-oldrel-macos-arm64 | 0.2.2 | 49.00 | OK | |||
r-oldrel-macos-x86_64 | 0.2.2 | 74.00 | NOTE | |||
r-oldrel-windows-x86_64 | 0.2.2 | 13.00 | 131.00 | 144.00 | OK |
Version: 0.2.2
Check: package dependencies
Result: NOTE
Package suggested but not available for checking: ‘xgboost’
Flavor: r-oldrel-macos-x86_64