Last updated on 2025-05-28 09:52:56 CEST.
Flavor | Version | Tinstall | Tcheck | Ttotal | Status | Flags |
---|---|---|---|---|---|---|
r-devel-linux-x86_64-debian-clang | 1.2 | 66.14 | 21.92 | 88.06 | NOTE | |
r-devel-linux-x86_64-debian-gcc | 1.2 | 43.09 | 18.04 | 61.13 | NOTE | |
r-devel-linux-x86_64-fedora-clang | 1.2 | 182.96 | NOTE | |||
r-devel-linux-x86_64-fedora-gcc | 1.2 | 140.99 | NOTE | |||
r-devel-windows-x86_64 | 1.2 | 79.00 | 62.00 | 141.00 | NOTE | |
r-patched-linux-x86_64 | 1.2 | 60.46 | 20.77 | 81.23 | NOTE | |
r-release-linux-x86_64 | 1.2 | 60.65 | 21.26 | 81.91 | NOTE | |
r-release-macos-arm64 | 1.2 | 42.00 | NOTE | |||
r-release-macos-x86_64 | 1.2 | 54.00 | NOTE | |||
r-release-windows-x86_64 | 1.2 | 75.00 | 62.00 | 137.00 | NOTE | |
r-oldrel-macos-arm64 | 1.2 | 39.00 | NOTE | |||
r-oldrel-macos-x86_64 | 1.2 | 43.00 | NOTE | |||
r-oldrel-windows-x86_64 | 1.2 | 80.00 | 71.00 | 151.00 | NOTE |
Version: 1.2
Check: Rd files
Result: NOTE
checkRd: (-1) MinimiseEPL.Rd:17: Lost braces in \itemize; meant \describe ?
checkRd: (-1) MinimiseEPL.Rd:18: Lost braces in \itemize; meant \describe ?
checkRd: (-1) MinimiseEPL.Rd:19: Lost braces in \itemize; meant \describe ?
checkRd: (-1) MinimiseEPL.Rd:20: Lost braces in \itemize; meant \describe ?
Flavors: r-devel-linux-x86_64-debian-clang, r-devel-linux-x86_64-debian-gcc, r-devel-linux-x86_64-fedora-clang, r-devel-linux-x86_64-fedora-gcc, r-devel-windows-x86_64, r-patched-linux-x86_64, r-release-linux-x86_64, r-release-macos-arm64, r-release-macos-x86_64, r-release-windows-x86_64, r-oldrel-macos-arm64, r-oldrel-macos-x86_64, r-oldrel-windows-x86_64