Last updated on 2024-08-05 09:48:08 CEST.
Flavor | Version | Tinstall | Tcheck | Ttotal | Status | Flags |
---|---|---|---|---|---|---|
r-devel-linux-x86_64-debian-clang | 1.0.0 | 55.60 | 100.08 | 155.68 | OK | |
r-devel-linux-x86_64-debian-gcc | 1.0.0 | 27.58 | 55.52 | 83.10 | OK | |
r-devel-linux-x86_64-fedora-gcc | 1.0.0 | 196.94 | OK | |||
r-devel-windows-x86_64 | 1.0.0 | 46.00 | 116.00 | 162.00 | NOTE | |
r-patched-linux-x86_64 | 1.0.0 | 36.99 | 73.13 | 110.12 | OK | |
r-release-linux-x86_64 | 1.0.0 | 33.28 | 92.90 | 126.18 | OK | |
r-release-macos-arm64 | 1.0.0 | 55.00 | NOTE | |||
r-release-macos-x86_64 | 1.0.0 | 84.00 | NOTE | |||
r-release-windows-x86_64 | 1.0.0 | 45.00 | 111.00 | 156.00 | NOTE | |
r-oldrel-macos-arm64 | 1.0.0 | 57.00 | NOTE | |||
r-oldrel-macos-x86_64 | 1.0.0 | 124.00 | NOTE | |||
r-oldrel-windows-x86_64 | 1.0.0 | 55.00 | 137.00 | 192.00 | NOTE |
Version: 1.0.0
Check: installed package size
Result: NOTE
installed size is 6.2Mb
sub-directories of 1Mb or more:
data 4.7Mb
libs 1.3Mb
Flavors: r-devel-windows-x86_64, r-release-macos-arm64, r-release-macos-x86_64, r-release-windows-x86_64, r-oldrel-macos-arm64, r-oldrel-macos-x86_64, r-oldrel-windows-x86_64