Last updated on 2024-08-05 09:48:08 CEST.
Flavor | Version | Tinstall | Tcheck | Ttotal | Status | Flags |
---|---|---|---|---|---|---|
r-devel-linux-x86_64-debian-clang | 2.2.1 | 11.08 | 106.03 | 117.11 | NOTE | |
r-devel-linux-x86_64-debian-gcc | 2.2.1 | 6.70 | 56.27 | 62.97 | NOTE | |
r-devel-linux-x86_64-fedora-gcc | 2.2.1 | 135.84 | NOTE | |||
r-devel-windows-x86_64 | 2.2.1 | 10.00 | 90.00 | 100.00 | NOTE | |
r-patched-linux-x86_64 | 2.2.1 | 8.93 | 76.20 | 85.13 | NOTE | |
r-release-linux-x86_64 | 2.2.1 | 10.78 | 97.45 | 108.23 | NOTE | |
r-release-macos-arm64 | 2.2.1 | 41.00 | NOTE | |||
r-release-macos-x86_64 | 2.2.1 | 66.00 | NOTE | |||
r-release-windows-x86_64 | 2.2.1 | 10.00 | 89.00 | 99.00 | NOTE | |
r-oldrel-macos-arm64 | 2.2.1 | 42.00 | OK | |||
r-oldrel-macos-x86_64 | 2.2.1 | 86.00 | OK | |||
r-oldrel-windows-x86_64 | 2.2.1 | 13.00 | 102.00 | 115.00 | OK |
Version: 2.2.1
Check: Rd files
Result: NOTE
checkRd: (-1) hdda.Rd:121-123: Lost braces in \itemize; meant \describe ?
checkRd: (-1) hdda.Rd:124-127: Lost braces in \itemize; meant \describe ?
checkRd: (-1) hdda.Rd:128-132: Lost braces in \itemize; meant \describe ?
checkRd: (-1) hddc.Rd:162-164: Lost braces in \itemize; meant \describe ?
checkRd: (-1) hddc.Rd:165-168: Lost braces in \itemize; meant \describe ?
Flavors: r-devel-linux-x86_64-debian-clang, r-devel-linux-x86_64-debian-gcc, r-devel-linux-x86_64-fedora-gcc, r-devel-windows-x86_64, r-patched-linux-x86_64, r-release-linux-x86_64, r-release-macos-arm64, r-release-macos-x86_64, r-release-windows-x86_64