Last updated on 2024-07-08 09:48:59 CEST.
Flavor | Version | Tinstall | Tcheck | Ttotal | Status | Flags |
---|---|---|---|---|---|---|
r-devel-linux-x86_64-debian-clang | 7.3.1 | 24.72 | 447.69 | 472.41 | OK | |
r-devel-linux-x86_64-debian-gcc | 7.3.1 | 21.43 | 309.85 | 331.28 | OK | |
r-devel-linux-x86_64-fedora-clang | 7.3.1 | 585.65 | OK | |||
r-devel-linux-x86_64-fedora-gcc | 7.3.1 | 550.90 | OK | |||
r-devel-windows-x86_64 | 7.3.1 | 26.00 | 330.00 | 356.00 | OK | |
r-patched-linux-x86_64 | 7.3.1 | 23.85 | 414.92 | 438.77 | OK | |
r-release-linux-x86_64 | 7.3.1 | 23.11 | 418.50 | 441.61 | OK | |
r-release-macos-arm64 | 7.3.1 | 138.00 | NOTE | |||
r-release-macos-x86_64 | 7.3.1 | 231.00 | NOTE | |||
r-release-windows-x86_64 | 7.3.1 | 25.00 | 326.00 | 351.00 | OK | |
r-oldrel-macos-arm64 | 7.3.1 | 140.00 | NOTE | |||
r-oldrel-macos-x86_64 | 7.3.1 | 370.00 | NOTE | |||
r-oldrel-windows-x86_64 | 7.3.1 | 34.00 | 414.00 | 448.00 | OK |
Version: 7.3.1
Check: package dependencies
Result: NOTE
Package suggested but not available for checking: ‘Rmpi’
Flavors: r-release-macos-arm64, r-release-macos-x86_64, r-oldrel-macos-arm64, r-oldrel-macos-x86_64