Last updated on 2024-07-16 09:50:15 CEST.
Flavor | Version | Tinstall | Tcheck | Ttotal | Status | Flags |
---|---|---|---|---|---|---|
r-devel-linux-x86_64-debian-clang | 0.4.2 | 2.31 | 35.68 | 37.99 | OK | |
r-devel-linux-x86_64-debian-gcc | 0.4.2 | 2.96 | 26.86 | 29.82 | OK | |
r-devel-linux-x86_64-fedora-clang | 0.4.2 | 51.79 | OK | |||
r-devel-linux-x86_64-fedora-gcc | 0.4.2 | 46.91 | OK | |||
r-devel-windows-x86_64 | 0.4.2 | 4.00 | 50.00 | 54.00 | NOTE | |
r-patched-linux-x86_64 | 0.4.2 | 3.83 | 34.21 | 38.04 | OK | |
r-release-linux-x86_64 | 0.4.2 | 3.89 | 34.35 | 38.24 | OK | |
r-release-macos-arm64 | 0.4.2 | 19.00 | OK | |||
r-release-macos-x86_64 | 0.4.2 | 26.00 | OK | |||
r-release-windows-x86_64 | 0.4.2 | 4.00 | 49.00 | 53.00 | OK | |
r-oldrel-macos-arm64 | 0.4.2 | 18.00 | OK | |||
r-oldrel-macos-x86_64 | 0.4.2 | 27.00 | OK | |||
r-oldrel-windows-x86_64 | 0.4.2 | 4.00 | 51.00 | 55.00 | OK |
Version: 0.4.2
Check: Rd cross-references
Result: NOTE
Found the following Rd file(s) with Rd \link{} targets missing package
anchors:
INCAnumclu.Rd: pam, diana, fanny
Please provide package anchors for all Rd \link{} targets not in the
package itself and the base packages.
Flavor: r-devel-windows-x86_64