Last updated on 2025-10-22 09:50:36 CEST.
Flavor | Version | Tinstall | Tcheck | Ttotal | Status | Flags |
---|---|---|---|---|---|---|
r-devel-linux-x86_64-debian-clang | 24.3.25 | 20.04 | 130.68 | 150.72 | NOTE | |
r-devel-linux-x86_64-debian-gcc | 24.3.25 | 12.68 | 89.22 | 101.90 | NOTE | |
r-devel-linux-x86_64-fedora-clang | 24.3.25 | 80.00 | 167.89 | 247.89 | OK | |
r-devel-linux-x86_64-fedora-gcc | 24.3.25 | 38.00 | 186.38 | 224.38 | OK | |
r-devel-windows-x86_64 | 24.3.25 | 20.00 | 119.00 | 139.00 | OK | |
r-patched-linux-x86_64 | 24.3.25 | 21.24 | 120.88 | 142.12 | OK | |
r-release-linux-x86_64 | 24.3.25 | 20.12 | 121.00 | 141.12 | OK | |
r-release-macos-arm64 | 24.3.25 | 9.00 | 67.00 | 76.00 | OK | |
r-release-macos-x86_64 | 24.3.25 | 18.00 | 92.00 | 110.00 | OK | |
r-release-windows-x86_64 | 24.3.25 | 20.00 | 119.00 | 139.00 | OK | |
r-oldrel-macos-arm64 | 24.3.25 | 9.00 | 54.00 | 63.00 | NOTE | |
r-oldrel-macos-x86_64 | 24.3.25 | 13.00 | 75.00 | 88.00 | NOTE | |
r-oldrel-windows-x86_64 | 24.3.25 | 28.00 | 153.00 | 181.00 | OK |
Version: 24.3.25
Check: HTML version of manual
Result: NOTE
Found the following HTML validation problems:
coef.INLAjoint.html:51:1 (coef.INLAjoint.Rd:12): Warning: missing </ul> before </div>
family.INLAjoint.html:51:1 (family.INLAjoint.Rd:12): Warning: missing </ul> before </div>
fitted.INLAjoint.html:52:1 (fitted.INLAjoint.Rd:12): Warning: missing </ul> before </div>
fixef.INLAjoint.html:51:1 (fixef.INLAjoint.Rd:12): Warning: missing </ul> before </div>
formula.INLAjoint.html:51:1 (formula.INLAjoint.Rd:12): Warning: missing </ul> before </div>
logLik.INLAjoint.html:51:1 (logLik.INLAjoint.Rd:12): Warning: missing </ul> before </div>
nobs.INLAjoint.html:51:1 (nobs.INLAjoint.Rd:12): Warning: missing </ul> before </div>
predict.INLAjoint.html:164:1 (predict.INLAjoint.Rd:91): Warning: missing </ul> before </div>
print.plot.INLAjoint.html:72:1 (print.plot.INLAjoint.Rd:23): Warning: missing </ul> before </div>
ranef.INLAjoint.html:51:1 (ranef.INLAjoint.Rd:12): Warning: missing </ul> before </div>
Flavors: r-devel-linux-x86_64-debian-clang, r-devel-linux-x86_64-debian-gcc
Version: 24.3.25
Check: package dependencies
Result: NOTE
Package suggested but not available for checking: ‘INLA’
Flavor: r-oldrel-macos-arm64
Version: 24.3.25
Check: package dependencies
Result: NOTE
Packages suggested but not available for checking: 'INLA', 'frailtypack'
Flavor: r-oldrel-macos-x86_64