Last updated on 2025-11-22 09:49:56 CET.
| Flavor | Version | Tinstall | Tcheck | Ttotal | Status | Flags |
|---|---|---|---|---|---|---|
| r-devel-linux-x86_64-debian-clang | 1.0.5 | 2.56 | 209.63 | 212.19 | NOTE | |
| r-devel-linux-x86_64-debian-gcc | 1.0.5 | 1.92 | 133.58 | 135.50 | NOTE | |
| r-devel-linux-x86_64-fedora-clang | 1.0.5 | 357.45 | OK | |||
| r-devel-windows-x86_64 | 1.0.5 | 7.00 | 207.00 | 214.00 | OK | |
| r-patched-linux-x86_64 | 1.0.5 | 1.98 | 199.36 | 201.34 | OK | |
| r-release-linux-x86_64 | 1.0.5 | 2.88 | 201.36 | 204.24 | OK | |
| r-release-macos-arm64 | 1.0.5 | OK | ||||
| r-release-macos-x86_64 | 1.0.5 | 3.00 | 221.00 | 224.00 | OK | |
| r-release-windows-x86_64 | 1.0.5 | 4.00 | 204.00 | 208.00 | OK | |
| r-oldrel-macos-arm64 | 1.0.5 | NOTE | ||||
| r-oldrel-macos-x86_64 | 1.0.5 | 2.00 | 149.00 | 151.00 | NOTE | |
| r-oldrel-windows-x86_64 | 1.0.5 | 6.00 | 281.00 | 287.00 | NOTE |
Version: 1.0.5
Check: CRAN incoming feasibility
Result: NOTE
Maintainer: ‘Minyu Wang <minyu.wang@petermac.org>’
No Authors@R field in DESCRIPTION.
Please add one, modifying
Authors@R: c(person(given = c("Minyu", "Wang,Yu", "Sun,Yu-Kuan"),
family = "Huang",
role = "aut"),
person(given = "Minyu",
family = "Wang",
role = "cre",
email = "minyu.wang@petermac.org"))
as necessary.
Flavors: r-devel-linux-x86_64-debian-clang, r-devel-linux-x86_64-debian-gcc
Version: 1.0.5
Check: LazyData
Result: NOTE
'LazyData' is specified without a 'data' directory
Flavors: r-oldrel-macos-arm64, r-oldrel-macos-x86_64, r-oldrel-windows-x86_64