Last updated on 2024-09-06 09:49:22 CEST.
Flavor | Version | Tinstall | Tcheck | Ttotal | Status | Flags |
---|---|---|---|---|---|---|
r-devel-linux-x86_64-debian-clang | 1.1.3 | 3.71 | 173.33 | 177.04 | OK | |
r-devel-linux-x86_64-debian-gcc | 1.1.3 | 2.42 | 102.01 | 104.43 | OK | |
r-devel-linux-x86_64-fedora-clang | 1.1.3 | 258.74 | NOTE | |||
r-devel-linux-x86_64-fedora-gcc | 1.1.3 | 255.09 | NOTE | |||
r-devel-windows-x86_64 | 1.1.3 | 5.00 | 279.00 | 284.00 | OK | |
r-patched-linux-x86_64 | 1.1.3 | 3.02 | 172.38 | 175.40 | OK | |
r-release-linux-x86_64 | 1.1.3 | 2.95 | 166.92 | 169.87 | OK | |
r-release-macos-arm64 | 1.1.3 | 73.00 | OK | |||
r-release-macos-x86_64 | 1.1.3 | 105.00 | OK | |||
r-release-windows-x86_64 | 1.1.3 | 5.00 | 276.00 | 281.00 | OK | |
r-oldrel-macos-arm64 | 1.1.3 | 82.00 | OK | |||
r-oldrel-macos-x86_64 | 1.1.3 | 124.00 | OK | |||
r-oldrel-windows-x86_64 | 1.1.3 | 6.00 | 320.00 | 326.00 | OK |
Version: 1.1.3
Check: dependencies in R code
Result: NOTE
Namespaces in Imports field not imported from:
‘curl’ ‘readxl’
All declared Imports should be used.
Flavors: r-devel-linux-x86_64-fedora-clang, r-devel-linux-x86_64-fedora-gcc